{"id":103,"date":"2026-03-06T15:28:40","date_gmt":"2026-03-06T15:28:40","guid":{"rendered":"https:\/\/oliviermetellus.fr\/?page_id=103"},"modified":"2026-03-06T16:29:22","modified_gmt":"2026-03-06T16:29:22","slug":"prix-concours-jean-metellus","status":"publish","type":"page","link":"https:\/\/oliviermetellus.fr\/index.php\/prix-concours-jean-metellus\/","title":{"rendered":"Prix &#038; Concours Jean M\u00e9tellus"},"content":{"rendered":"\n<div class=\"wp-block-group alignwide is-layout-flow wp-block-group-is-layout-flow\">\n<p>Cette page rassemble deux gestes compl\u00e9mentaires :<br><strong>le Prix Jean M\u00e9tellus<\/strong>, d\u00e9di\u00e9 \u00e0 la cr\u00e9ation litt\u00e9raire en Ha\u00efti, et <strong>le Concours de Po\u00e9sie Jean M\u00e9tellus<\/strong>, port\u00e9 par la Ville de Bonneuil-sur-Marne.<\/p>\n\n\n\n<p>L\u2019un comme l\u2019autre poursuivent une m\u00eame intention : <strong>faire circuler une \u0153uvre<\/strong>, encourager la lecture et l\u2019\u00e9criture, et cr\u00e9er des occasions concr\u00e8tes de rencontres autour de la langue, de la francophonie et de la m\u00e9moire.<\/p>\n<\/div>\n\n\n\n<div style=\"height:20px\" aria-hidden=\"true\" class=\"wp-block-spacer\"><\/div>\n\n\n\n<h2 class=\"wp-block-heading alignwide\">Rep\u00e8res &amp; actions<\/h2>\n\n\n\n<div class=\"wp-block-group alignwide is-layout-flow wp-block-group-is-layout-flow\">\n<p><em>Quelques rep\u00e8res pour situer l\u2019esprit, les formats et les traces disponibles<\/em>.  <\/p>\n<\/div>\n\n\n\n<div class=\"wp-block-columns alignwide is-layout-flex wp-container-core-columns-is-layout-28f84493 wp-block-columns-is-layout-flex\">\n<div class=\"wp-block-column has-border-color has-custom-bleu-accent-cta-border-color has-custom-gris-clair-background-color has-background is-layout-flow wp-block-column-is-layout-flow\" style=\"border-top-left-radius:20px;border-top-right-radius:20px;border-bottom-left-radius:20px;border-bottom-right-radius:20px;padding-top:var(--wp--preset--spacing--20);padding-right:var(--wp--preset--spacing--20);padding-bottom:var(--wp--preset--spacing--20);padding-left:var(--wp--preset--spacing--20)\">\n<h2 class=\"wp-block-heading\">Le prix Jean M\u00e9tellus<\/h2>\n\n\n\n<p>Un prix litt\u00e9raire tourn\u00e9 vers Ha\u00efti, con\u00e7u comme une invitation \u00e0 \u00e9crire, publier, transmettre. Une mani\u00e8re d\u2019ouvrir des dialogues contemporains dans l\u2019espace francophone.<\/p>\n\n\n\n<div class=\"wp-block-buttons is-layout-flex wp-block-buttons-is-layout-flex\">\n<div class=\"wp-block-button\"><a class=\"wp-block-button__link has-custom-blanc-color has-custom-bleu-accent-cta-background-color has-text-color has-background has-link-color wp-element-button\" href=\"https:\/\/jeanmetellus.com\/le-prix-jean-metellus\/\" target=\"_blank\" rel=\"noreferrer noopener\">Toutes les informations (pages de l&rsquo;AAJM)<\/a><\/div>\n<\/div>\n<\/div>\n\n\n\n<div class=\"wp-block-column has-border-color has-custom-gris-clair-background-color has-background is-layout-flow wp-block-column-is-layout-flow\" style=\"border-color:#182984;border-top-left-radius:20px;border-top-right-radius:20px;border-bottom-left-radius:20px;border-bottom-right-radius:20px;padding-top:var(--wp--preset--spacing--20);padding-right:var(--wp--preset--spacing--20);padding-bottom:var(--wp--preset--spacing--20);padding-left:var(--wp--preset--spacing--20)\">\n<h2 class=\"wp-block-heading\">Concours de Po\u00e9sie Jean M\u00e9tellus<\/h2>\n\n\n\n<p>Une action de terrain : affiches, ateliers, lectures, remise des prix.<br>Une jeunesse qui s\u2019essaie \u00e0 la langue et entre en confiance.<\/p>\n\n\n\n<div class=\"wp-block-buttons is-layout-flex wp-block-buttons-is-layout-flex\">\n<div class=\"wp-block-button\"><a class=\"wp-block-button__link has-custom-blanc-color has-custom-bleu-accent-cta-background-color has-text-color has-background has-link-color wp-element-button\">Voir les \u00e9ditions et affiches (\u00e0 venir)<\/a><\/div>\n<\/div>\n<\/div>\n<\/div>\n\n\n\n<div class=\"wp-block-group alignwide has-border-color has-custom-gris-clair-background-color has-background is-layout-flow wp-block-group-is-layout-flow\" style=\"border-color:#182984;border-top-left-radius:20px;border-top-right-radius:20px;border-bottom-left-radius:20px;border-bottom-right-radius:20px;padding-top:var(--wp--preset--spacing--50);padding-right:var(--wp--preset--spacing--50);padding-bottom:var(--wp--preset--spacing--50);padding-left:var(--wp--preset--spacing--50)\">\n<h2 class=\"wp-block-heading\">Galerie \u2013 rep\u00e8res en images<\/h2>\n\n\n\n<p>Affiches, couvertures, invitations, moments de sc\u00e8ne : un aper\u00e7u visuel.<\/p>\n\n\n\n<div class=\"wp-block-media-text is-stacked-on-mobile\" style=\"grid-template-columns:30% auto\"><figure class=\"wp-block-media-text__media\"><img loading=\"lazy\" decoding=\"async\" width=\"395\" height=\"620\" src=\"https:\/\/oliviermetellus.fr\/wp-content\/uploads\/2026\/02\/Nouvelliste.png\" alt=\"\" class=\"wp-image-123 size-full\" srcset=\"https:\/\/oliviermetellus.fr\/wp-content\/uploads\/2026\/02\/Nouvelliste.png 395w, https:\/\/oliviermetellus.fr\/wp-content\/uploads\/2026\/02\/Nouvelliste-191x300.png 191w\" sizes=\"auto, (max-width: 395px) 100vw, 395px\" \/><\/figure><div class=\"wp-block-media-text__content\">\n<p>Un rep\u00e8re utile : annonce du lancement de la quatri\u00e8me \u00e9dition du Prix Jean M\u00e9tellus qui donne le contexte et la port\u00e9e du Prix en Ha\u00efti.<br><em>(Extrait de presse \u2013 s\u00e9lection &#8211; Le Nouvelliste 2026 &#8211; Port-Au-Prince)<\/em><\/p>\n<\/div><\/div>\n\n\n\n<div style=\"height:20px\" aria-hidden=\"true\" class=\"wp-block-spacer\"><\/div>\n\n\n\n<figure class=\"wp-block-gallery has-nested-images columns-3 is-cropped wp-block-gallery-1 is-layout-flex wp-block-gallery-is-layout-flex\">\n<figure class=\"wp-block-image size-large\"><img loading=\"lazy\" decoding=\"async\" width=\"698\" height=\"1024\" data-id=\"108\" src=\"https:\/\/oliviermetellus.fr\/wp-content\/uploads\/2026\/02\/Affiche-Metellus-2025-698x1024.jpg\" alt=\"\" class=\"wp-image-108\" srcset=\"https:\/\/oliviermetellus.fr\/wp-content\/uploads\/2026\/02\/Affiche-Metellus-2025-698x1024.jpg 698w, https:\/\/oliviermetellus.fr\/wp-content\/uploads\/2026\/02\/Affiche-Metellus-2025-205x300.jpg 205w, https:\/\/oliviermetellus.fr\/wp-content\/uploads\/2026\/02\/Affiche-Metellus-2025-768x1126.jpg 768w, https:\/\/oliviermetellus.fr\/wp-content\/uploads\/2026\/02\/Affiche-Metellus-2025-1047x1536.jpg 1047w, https:\/\/oliviermetellus.fr\/wp-content\/uploads\/2026\/02\/Affiche-Metellus-2025.jpg 1181w\" sizes=\"auto, (max-width: 698px) 100vw, 698px\" \/><\/figure>\n\n\n\n<figure class=\"wp-block-image size-large\"><img loading=\"lazy\" decoding=\"async\" width=\"405\" height=\"579\" data-id=\"116\" src=\"https:\/\/oliviermetellus.fr\/wp-content\/uploads\/2026\/02\/lauvince1sit.jpg\" alt=\"\" class=\"wp-image-116\" srcset=\"https:\/\/oliviermetellus.fr\/wp-content\/uploads\/2026\/02\/lauvince1sit.jpg 405w, https:\/\/oliviermetellus.fr\/wp-content\/uploads\/2026\/02\/lauvince1sit-210x300.jpg 210w\" sizes=\"auto, (max-width: 405px) 100vw, 405px\" \/><\/figure>\n\n\n\n<figure class=\"wp-block-image size-large\"><img loading=\"lazy\" decoding=\"async\" width=\"722\" height=\"1024\" data-id=\"106\" src=\"https:\/\/oliviermetellus.fr\/wp-content\/uploads\/2026\/02\/oraisons_cover_RVB_800-722x1024.jpg\" alt=\"\" class=\"wp-image-106\" srcset=\"https:\/\/oliviermetellus.fr\/wp-content\/uploads\/2026\/02\/oraisons_cover_RVB_800-722x1024.jpg 722w, https:\/\/oliviermetellus.fr\/wp-content\/uploads\/2026\/02\/oraisons_cover_RVB_800-211x300.jpg 211w, https:\/\/oliviermetellus.fr\/wp-content\/uploads\/2026\/02\/oraisons_cover_RVB_800-768x1090.jpg 768w, https:\/\/oliviermetellus.fr\/wp-content\/uploads\/2026\/02\/oraisons_cover_RVB_800.jpg 800w\" sizes=\"auto, (max-width: 722px) 100vw, 722px\" \/><\/figure>\n<\/figure>\n<\/div>\n","protected":false},"excerpt":{"rendered":"<p>Cette page rassemble deux gestes compl\u00e9mentaires :le Prix Jean M\u00e9tellus, d\u00e9di\u00e9 \u00e0 la cr\u00e9ation litt\u00e9raire en Ha\u00efti, et le Concours de Po\u00e9sie Jean M\u00e9tellus, port\u00e9 par la Ville de Bonneuil-sur-Marne. L\u2019un comme l\u2019autre poursuivent une m\u00eame intention : faire circuler une \u0153uvre, encourager la lecture et l\u2019\u00e9criture, et cr\u00e9er des occasions concr\u00e8tes de rencontres autour [&hellip;]<\/p>\n","protected":false},"author":1,"featured_media":0,"parent":0,"menu_order":0,"comment_status":"closed","ping_status":"closed","template":"page-interne-bandeau-bleu","meta":{"footnotes":""},"class_list":["post-103","page","type-page","status-publish","hentry"],"_links":{"self":[{"href":"https:\/\/oliviermetellus.fr\/index.php\/wp-json\/wp\/v2\/pages\/103","targetHints":{"allow":["GET"]}}],"collection":[{"href":"https:\/\/oliviermetellus.fr\/index.php\/wp-json\/wp\/v2\/pages"}],"about":[{"href":"https:\/\/oliviermetellus.fr\/index.php\/wp-json\/wp\/v2\/types\/page"}],"author":[{"embeddable":true,"href":"https:\/\/oliviermetellus.fr\/index.php\/wp-json\/wp\/v2\/users\/1"}],"replies":[{"embeddable":true,"href":"https:\/\/oliviermetellus.fr\/index.php\/wp-json\/wp\/v2\/comments?post=103"}],"version-history":[{"count":9,"href":"https:\/\/oliviermetellus.fr\/index.php\/wp-json\/wp\/v2\/pages\/103\/revisions"}],"predecessor-version":[{"id":1028,"href":"https:\/\/oliviermetellus.fr\/index.php\/wp-json\/wp\/v2\/pages\/103\/revisions\/1028"}],"wp:attachment":[{"href":"https:\/\/oliviermetellus.fr\/index.php\/wp-json\/wp\/v2\/media?parent=103"}],"curies":[{"name":"wp","href":"https:\/\/api.w.org\/{rel}","templated":true}]}}

Prix &#038; Concours Jean Métellus

<div class="wp-block-group alignwide is-layout-flow wp-block-group-is-layout-flow">
<p>Cette page rassemble deux gestes complémentaires :<br><strong>le Prix Jean Métellus</strong>, dédié à la création littéraire en Haïti, et <strong>le Concours de Poésie Jean Métellus</strong>, porté par la Ville de Bonneuil-sur-Marne.</p>



<p>L’un comme l’autre poursuivent une même intention : <strong>faire circuler une œuvre</strong>, encourager la lecture et l’écriture, et créer des occasions concrètes de rencontres autour de la langue, de la francophonie et de la mémoire.</p>
</div>



<div style="height:20px" aria-hidden="true" class="wp-block-spacer"></div>



<h2 class="wp-block-heading alignwide">Repères &amp; actions</h2>



<div class="wp-block-group alignwide is-layout-flow wp-block-group-is-layout-flow">
<p><em>Quelques repères pour situer l’esprit, les formats et les traces disponibles</em>.  </p>
</div>



<div class="wp-block-columns alignwide is-layout-flex wp-container-core-columns-is-layout-28f84493 wp-block-columns-is-layout-flex">
<div class="wp-block-column has-border-color has-custom-bleu-accent-cta-border-color has-custom-gris-clair-background-color has-background is-layout-flow wp-block-column-is-layout-flow" style="border-top-left-radius:20px;border-top-right-radius:20px;border-bottom-left-radius:20px;border-bottom-right-radius:20px;padding-top:var(--wp--preset--spacing--20);padding-right:var(--wp--preset--spacing--20);padding-bottom:var(--wp--preset--spacing--20);padding-left:var(--wp--preset--spacing--20)">
<h2 class="wp-block-heading">Le prix Jean Métellus</h2>



<p>Un prix littéraire tourné vers Haïti, conçu comme une invitation à écrire, publier, transmettre. Une manière d’ouvrir des dialogues contemporains dans l’espace francophone.</p>



<div class="wp-block-buttons is-layout-flex wp-block-buttons-is-layout-flex">
<div class="wp-block-button"><a class="wp-block-button__link has-custom-blanc-color has-custom-bleu-accent-cta-background-color has-text-color has-background has-link-color wp-element-button" href="https://jeanmetellus.com/le-prix-jean-metellus/" target="_blank" rel="noreferrer noopener">Toutes les informations (pages de l&rsquo;AAJM)</a></div>
</div>
</div>



<div class="wp-block-column has-border-color has-custom-gris-clair-background-color has-background is-layout-flow wp-block-column-is-layout-flow" style="border-color:#182984;border-top-left-radius:20px;border-top-right-radius:20px;border-bottom-left-radius:20px;border-bottom-right-radius:20px;padding-top:var(--wp--preset--spacing--20);padding-right:var(--wp--preset--spacing--20);padding-bottom:var(--wp--preset--spacing--20);padding-left:var(--wp--preset--spacing--20)">
<h2 class="wp-block-heading">Concours de Poésie Jean Métellus</h2>



<p>Une action de terrain : affiches, ateliers, lectures, remise des prix.<br>Une jeunesse qui s’essaie à la langue et entre en confiance.</p>



<div class="wp-block-buttons is-layout-flex wp-block-buttons-is-layout-flex">
<div class="wp-block-button"><a class="wp-block-button__link has-custom-blanc-color has-custom-bleu-accent-cta-background-color has-text-color has-background has-link-color wp-element-button">Voir les éditions et affiches (à venir)</a></div>
</div>
</div>
</div>



<div class="wp-block-group alignwide has-border-color has-custom-gris-clair-background-color has-background is-layout-flow wp-block-group-is-layout-flow" style="border-color:#182984;border-top-left-radius:20px;border-top-right-radius:20px;border-bottom-left-radius:20px;border-bottom-right-radius:20px;padding-top:var(--wp--preset--spacing--50);padding-right:var(--wp--preset--spacing--50);padding-bottom:var(--wp--preset--spacing--50);padding-left:var(--wp--preset--spacing--50)">
<h2 class="wp-block-heading">Galerie – repères en images</h2>



<p>Affiches, couvertures, invitations, moments de scène : un aperçu visuel.</p>



<div class="wp-block-media-text is-stacked-on-mobile" style="grid-template-columns:30% auto"><figure class="wp-block-media-text__media"><img loading="lazy" decoding="async" width="395" height="620" src="https://oliviermetellus.fr/wp-content/uploads/2026/02/Nouvelliste.png" alt="" class="wp-image-123 size-full" srcset="https://oliviermetellus.fr/wp-content/uploads/2026/02/Nouvelliste.png 395w, https://oliviermetellus.fr/wp-content/uploads/2026/02/Nouvelliste-191x300.png 191w" sizes="auto, (max-width: 395px) 100vw, 395px" /></figure><div class="wp-block-media-text__content">
<p>Un repère utile : annonce du lancement de la quatrième édition du Prix Jean Métellus qui donne le contexte et la portée du Prix en Haïti.<br><em>(Extrait de presse – sélection &#8211; Le Nouvelliste 2026 &#8211; Port-Au-Prince)</em></p>
</div></div>



<div style="height:20px" aria-hidden="true" class="wp-block-spacer"></div>



<figure class="wp-block-gallery has-nested-images columns-3 is-cropped wp-block-gallery-1 is-layout-flex wp-block-gallery-is-layout-flex">
<figure class="wp-block-image size-large"><img loading="lazy" decoding="async" width="698" height="1024" data-id="108" src="https://oliviermetellus.fr/wp-content/uploads/2026/02/Affiche-Metellus-2025-698x1024.jpg" alt="" class="wp-image-108" srcset="https://oliviermetellus.fr/wp-content/uploads/2026/02/Affiche-Metellus-2025-698x1024.jpg 698w, https://oliviermetellus.fr/wp-content/uploads/2026/02/Affiche-Metellus-2025-205x300.jpg 205w, https://oliviermetellus.fr/wp-content/uploads/2026/02/Affiche-Metellus-2025-768x1126.jpg 768w, https://oliviermetellus.fr/wp-content/uploads/2026/02/Affiche-Metellus-2025-1047x1536.jpg 1047w, https://oliviermetellus.fr/wp-content/uploads/2026/02/Affiche-Metellus-2025.jpg 1181w" sizes="auto, (max-width: 698px) 100vw, 698px" /></figure>



<figure class="wp-block-image size-large"><img loading="lazy" decoding="async" width="405" height="579" data-id="116" src="https://oliviermetellus.fr/wp-content/uploads/2026/02/lauvince1sit.jpg" alt="" class="wp-image-116" srcset="https://oliviermetellus.fr/wp-content/uploads/2026/02/lauvince1sit.jpg 405w, https://oliviermetellus.fr/wp-content/uploads/2026/02/lauvince1sit-210x300.jpg 210w" sizes="auto, (max-width: 405px) 100vw, 405px" /></figure>



<figure class="wp-block-image size-large"><img loading="lazy" decoding="async" width="722" height="1024" data-id="106" src="https://oliviermetellus.fr/wp-content/uploads/2026/02/oraisons_cover_RVB_800-722x1024.jpg" alt="" class="wp-image-106" srcset="https://oliviermetellus.fr/wp-content/uploads/2026/02/oraisons_cover_RVB_800-722x1024.jpg 722w, https://oliviermetellus.fr/wp-content/uploads/2026/02/oraisons_cover_RVB_800-211x300.jpg 211w, https://oliviermetellus.fr/wp-content/uploads/2026/02/oraisons_cover_RVB_800-768x1090.jpg 768w, https://oliviermetellus.fr/wp-content/uploads/2026/02/oraisons_cover_RVB_800.jpg 800w" sizes="auto, (max-width: 722px) 100vw, 722px" /></figure>
</figure>
</div>

<p>Cette page rassemble deux gestes complémentaires :le Prix Jean Métellus, dédié à la création littéraire en Haïti, et le Concours de Poésie Jean Métellus, porté par la Ville de Bonneuil-sur-Marne. L’un comme l’autre poursuivent une même intention : faire circuler une œuvre, encourager la lecture et l’écriture, et créer des occasions concrètes de rencontres autour [&hellip;]</p>
