{"id":11,"date":"2026-03-06T15:02:48","date_gmt":"2026-03-06T15:02:48","guid":{"rendered":"https:\/\/oliviermetellus.fr\/?page_id=11"},"modified":"2026-04-08T14:36:46","modified_gmt":"2026-04-08T14:36:46","slug":"accueil","status":"publish","type":"page","link":"https:\/\/oliviermetellus.fr\/","title":{"rendered":"Olivier M\u00e9tellus"},"content":{"rendered":"\n<figure class=\"wp-block-image alignwide size-full\"><img loading=\"lazy\" decoding=\"async\" width=\"1584\" height=\"396\" src=\"https:\/\/oliviermetellus.fr\/wp-content\/uploads\/2026\/02\/BANDEAU-1.png\" alt=\"\" class=\"wp-image-12\" srcset=\"https:\/\/oliviermetellus.fr\/wp-content\/uploads\/2026\/02\/BANDEAU-1.png 1584w, https:\/\/oliviermetellus.fr\/wp-content\/uploads\/2026\/02\/BANDEAU-1-300x75.png 300w, https:\/\/oliviermetellus.fr\/wp-content\/uploads\/2026\/02\/BANDEAU-1-1024x256.png 1024w, https:\/\/oliviermetellus.fr\/wp-content\/uploads\/2026\/02\/BANDEAU-1-768x192.png 768w, https:\/\/oliviermetellus.fr\/wp-content\/uploads\/2026\/02\/BANDEAU-1-1536x384.png 1536w\" sizes=\"auto, (max-width: 1584px) 100vw, 1584px\" \/><\/figure>\n\n\n\n<div class=\"wp-block-group alignwide is-layout-flow wp-block-group-is-layout-flow\">\n<p class=\"has-text-align-right has-custom-bleu-accent-cta-color has-text-color has-link-color has-large-font-size wp-elements-799a3dcb9dadd45252c1a2faef862353\"><strong><a href=\"https:\/\/oliviermetellus.fr\/index.php\/contact\/\" data-type=\"page\" data-id=\"874\">Contact<\/a><\/strong> | <a href=\"https:\/\/oliviermetellus.fr\/index.php\/actualites\/\" data-type=\"page\" data-id=\"450\">Actualit\u00e9s<\/a><\/p>\n<\/div>\n\n\n\n<div class=\"wp-block-columns alignwide is-layout-flex wp-container-core-columns-is-layout-28f84493 wp-block-columns-is-layout-flex\">\n<div class=\"wp-block-column is-layout-flow wp-block-column-is-layout-flow\" style=\"flex-basis:66.66%\">\n<h2 class=\"wp-block-heading has-custom-bleu-nuit-color has-text-color has-link-color has-xx-large-font-size wp-elements-7b5cf6dbfd041825d999fef1daa8ab92\" id=\"OlivierMetellus\">OLIVIER M\u00c9TELLUS<\/h2>\n\n\n\n<p class=\"has-medium-font-size\"><em>Des ponts dans l\u2019espace francophone. Faire dialoguer les disciplines.<\/em><\/p>\n\n\n\n<p>Je d\u00e9veloppe un parcours \u00e0 la crois\u00e9e de la transmission, de la transformation et de la diplomatie culturelle. Ce site rassemble rep\u00e8res, engagements, contributions, entretiens et actualit\u00e9s.<\/p>\n\n\n\n<p>Mon parcours s\u2019est construit dans des environnements exigeants \u2014 banque et assurance, transformation strat\u00e9gique \u2014 en gouvernance comme en ex\u00e9cution, avec une m\u00eame conviction : ce qui dure se construit par la clart\u00e9, la continuit\u00e9 et la confiance.<\/p>\n\n\n\n<p>Parall\u00e8lement, une pratique plus ancienne d\u2019\u00e9criture, de portraits et d\u2019entretiens a nourri une attention constante aux trajectoires humaines, aux identit\u00e9s multiples et aux passerelles culturelles au sein de l\u2019espace francophone.<\/p>\n<\/div>\n\n\n\n<div class=\"wp-block-column is-vertically-aligned-center is-layout-flow wp-block-column-is-layout-flow\" style=\"flex-basis:33.33%\">\n<figure class=\"wp-block-image size-full\"><img loading=\"lazy\" decoding=\"async\" width=\"717\" height=\"716\" src=\"https:\/\/oliviermetellus.fr\/wp-content\/uploads\/2026\/02\/PROFIL-1-OLIVIER.png\" alt=\"\" class=\"wp-image-17\" srcset=\"https:\/\/oliviermetellus.fr\/wp-content\/uploads\/2026\/02\/PROFIL-1-OLIVIER.png 717w, https:\/\/oliviermetellus.fr\/wp-content\/uploads\/2026\/02\/PROFIL-1-OLIVIER-300x300.png 300w, https:\/\/oliviermetellus.fr\/wp-content\/uploads\/2026\/02\/PROFIL-1-OLIVIER-150x150.png 150w\" sizes=\"auto, (max-width: 717px) 100vw, 717px\" \/><\/figure>\n<\/div>\n<\/div>\n\n\n\n<div class=\"wp-block-group alignwide is-layout-flow wp-block-group-is-layout-flow\">\n<h2 class=\"wp-block-heading\"><strong>Rep\u00e8res \/ Positionnement<\/strong><\/h2>\n\n\n\n<p><strong>Mon parcours m\u2019a donn\u00e9 des m\u00e9thodes et une exigence . Aujourd\u2019hui, je les mets au service de la transmission culturelle, de projets associatifs et de la diplomatie culturelle. Mon exp\u00e9rience du conseil et de la banque reste un socle \u2014 mais elle n\u2019est plus un \u201cobjectif\u201d, c&rsquo;est devenu une ressource<\/strong>.<\/p>\n\n\n\n<p>C\u2019est dans cette continuit\u00e9 que s\u2019inscrit aujourd\u2019hui mon engagement de transmission, notamment \u00e0 travers l\u2019<strong>Association des Amis de Jean M\u00e9tellus (AAJM)<\/strong> et l&rsquo;<strong>Association La Nouvelle Pl\u00e9iade<\/strong> : faire vivre des \u0153uvres, promouvoir la francophonie et ouvrir des dialogues contemporains.<\/p>\n\n\n\n<p>Les passerelles que je construis sont concr\u00e8tes : entre Ha\u00efti, la France, l\u2019Afrique de l\u2019ouest, le Maghreb, le Canada &nbsp;et la francophonie ; entre la litt\u00e9rature et les questions d\u2019aujourd\u2019hui ; entre la po\u00e9sie, le langage, la m\u00e9moire et les outils nouveaux, dont l\u2019intelligence artificielle. Transformer, transmettre, relier : trois verbes pour une seule exigence, au service de ce qui compte.<\/p>\n\n\n\n<blockquote class=\"wp-block-quote is-layout-flow wp-block-quote-is-layout-flow\">\n<p>Franco-Ha\u00eftien, j\u2019inscris aussi ma parole dans les enjeux de m\u00e9moire, de transmission et de dialogue entre la France et Ha\u00efti. \u00c0 ce titre, j\u2019ai propos\u00e9 ma contribution \u00e0 la commission franco-ha\u00eftienne annonc\u00e9e en 2025 consacr\u00e9e \u00e0 l\u2019indemnit\u00e9 impos\u00e9e par la France \u00e0 Ha\u00efti en 1825.<\/p>\n<\/blockquote>\n<\/div>\n\n\n\n<div style=\"height:30px\" aria-hidden=\"true\" class=\"wp-block-spacer\"><\/div>\n\n\n\n<hr class=\"wp-block-separator has-alpha-channel-opacity\"\/>\n\n\n\n<div style=\"height:30px\" aria-hidden=\"true\" class=\"wp-block-spacer\"><\/div>\n\n\n\n<div class=\"wp-block-group alignwide is-style-default is-layout-grid wp-container-core-group-is-layout-b757edec wp-block-group-is-layout-grid\">\n<div class=\"wp-block-group has-border-color has-custom-gris-clair-background-color has-background has-global-padding is-layout-constrained wp-container-core-group-is-layout-c385debf wp-block-group-is-layout-constrained\" style=\"border-color:#182984;border-top-left-radius:18px;border-top-right-radius:18px;border-bottom-left-radius:18px;border-bottom-right-radius:18px;padding-top:var(--wp--preset--spacing--20);padding-right:var(--wp--preset--spacing--20);padding-bottom:var(--wp--preset--spacing--20);padding-left:var(--wp--preset--spacing--20)\">\n<h3 class=\"wp-block-heading has-large-font-size\"><strong>Parcours &amp; exp\u00e9rience<\/strong><\/h3>\n\n\n\n<p>Parcours &amp; exp\u00e9rience r\u00e9unit l\u2019essentiel de mon itin\u00e9raire professionnel : plus de trois d\u00e9cennies en banque et assurance, puis le conseil et l\u2019enseignement, au service de transformations complexes. Vous y trouverez une lecture structur\u00e9e des responsabilit\u00e9s exerc\u00e9es (gouvernance, pilotage, arbitrages, mise en \u0153uvre) et un aper\u00e7u clair de mes domaines d\u2019expertise.<\/p>\n\n\n\n<div style=\"height:40px\" aria-hidden=\"true\" class=\"wp-block-spacer\"><\/div>\n\n\n\n<div class=\"wp-block-buttons is-layout-flex wp-block-buttons-is-layout-flex\">\n<div class=\"wp-block-button\"><a class=\"wp-block-button__link has-custom-blanc-color has-custom-bleu-accent-cta-background-color has-text-color has-background has-link-color wp-element-button\" href=\"https:\/\/oliviermetellus.fr\/index.php\/parcours-experiences\/\" target=\"_blank\" rel=\"noreferrer noopener\">D\u00e9couvrir<\/a><\/div>\n<\/div>\n<\/div>\n\n\n\n<div class=\"wp-block-group has-border-color has-custom-gris-clair-background-color has-background has-global-padding is-layout-constrained wp-container-core-group-is-layout-c385debf wp-block-group-is-layout-constrained\" style=\"border-color:#182984;border-top-left-radius:18px;border-top-right-radius:18px;border-bottom-left-radius:18px;border-bottom-right-radius:18px;padding-top:var(--wp--preset--spacing--20);padding-right:var(--wp--preset--spacing--20);padding-bottom:var(--wp--preset--spacing--20);padding-left:var(--wp--preset--spacing--20)\">\n<h3 class=\"wp-block-heading\"><strong>Culture &amp; transmission<\/strong><\/h3>\n\n\n\n<p>Cette section rassemble un m\u00eame fil : recevoir, tenir, transmettre. Elle met en lumi\u00e8re des actions et des formats (rencontres, cycles, prix, partenariats, archives), ainsi que des rep\u00e8res de lecture pour situer le sens d\u2019une d\u00e9marche : faire circuler les textes, relier les personnes, ouvrir des passerelles dans l\u2019espace francophone.<\/p>\n\n\n\n<div style=\"height:var(--wp--preset--spacing--50)\" aria-hidden=\"true\" class=\"wp-block-spacer\"><\/div>\n\n\n\n<div class=\"wp-block-buttons is-layout-flex wp-block-buttons-is-layout-flex\">\n<div class=\"wp-block-button\"><a class=\"wp-block-button__link has-custom-blanc-color has-custom-bleu-accent-cta-background-color has-text-color has-background has-link-color wp-element-button\" href=\"https:\/\/oliviermetellus.fr\/index.php\/culture-transmission\/\" target=\"_blank\" rel=\"noreferrer noopener\">D\u00e9couvrir<\/a><\/div>\n<\/div>\n<\/div>\n<\/div>\n\n\n\n<div class=\"wp-block-group alignwide is-style-default is-layout-grid wp-container-core-group-is-layout-b757edec wp-block-group-is-layout-grid\">\n<div class=\"wp-block-group has-border-color has-custom-gris-clair-background-color has-background has-global-padding is-layout-constrained wp-container-core-group-is-layout-c385debf wp-block-group-is-layout-constrained\" style=\"border-color:#182984;border-top-left-radius:18px;border-top-right-radius:18px;border-bottom-left-radius:18px;border-bottom-right-radius:18px;padding-top:var(--wp--preset--spacing--20);padding-right:var(--wp--preset--spacing--20);padding-bottom:var(--wp--preset--spacing--20);padding-left:var(--wp--preset--spacing--20)\">\n<h3 class=\"wp-block-heading\"><strong>Contributions<\/strong><\/h3>\n\n\n\n<p>Mes contributions prennent trois formes : \u00e9crire, interviewer, prendre position. Les supports ont vari\u00e9 \u2014 presse, web, cadre associatif \u2014 mais le fil reste constant : mettre en lumi\u00e8re des trajectoires, clarifier des id\u00e9es, faire circuler une parole. La section est organis\u00e9e en collections : un aper\u00e7u en vitrine, le reste en archives.<\/p>\n\n\n\n<div class=\"wp-block-buttons is-layout-flex wp-block-buttons-is-layout-flex\">\n<div class=\"wp-block-button\"><a class=\"wp-block-button__link has-custom-blanc-color has-custom-bleu-accent-cta-background-color has-text-color has-background has-link-color wp-element-button\" href=\"https:\/\/oliviermetellus.fr\/index.php\/contributions\/\" target=\"_blank\" rel=\"noreferrer noopener\">D\u00e9couvrir<\/a><\/div>\n<\/div>\n<\/div>\n\n\n\n<div class=\"wp-block-group has-border-color has-custom-gris-clair-background-color has-background has-global-padding is-layout-constrained wp-container-core-group-is-layout-c385debf wp-block-group-is-layout-constrained\" style=\"border-color:#182984;border-top-left-radius:18px;border-top-right-radius:18px;border-bottom-left-radius:18px;border-bottom-right-radius:18px;padding-top:var(--wp--preset--spacing--20);padding-right:var(--wp--preset--spacing--20);padding-bottom:var(--wp--preset--spacing--20);padding-left:var(--wp--preset--spacing--20)\">\n<h3 class=\"wp-block-heading\"><strong>Actualit\u00e9s<\/strong><\/h3>\n\n\n\n<p>Interventions, prises de position, publications r\u00e9centes, \u00e9v\u00e9nements : cette rubrique regroupe les nouvelles et rep\u00e8res au fil de l\u2019eau. Elle permet de suivre l\u2019agenda et les mises \u00e0 jour du site, dans un format bref et r\u00e9gulier.<\/p>\n\n\n\n<div style=\"height:45px\" aria-hidden=\"true\" class=\"wp-block-spacer\"><\/div>\n\n\n\n<div class=\"wp-block-buttons is-layout-flex wp-block-buttons-is-layout-flex\">\n<div class=\"wp-block-button\"><a class=\"wp-block-button__link has-custom-blanc-color has-custom-bleu-accent-cta-background-color has-text-color has-background has-link-color wp-element-button\" href=\"https:\/\/oliviermetellus.fr\/index.php\/actualites\/\" target=\"_blank\" rel=\"noreferrer noopener\">D\u00e9couvrir<\/a><\/div>\n<\/div>\n<\/div>\n<\/div>\n","protected":false},"excerpt":{"rendered":"<p>Contact | Actualit\u00e9s OLIVIER M\u00c9TELLUS Des ponts dans l\u2019espace francophone. Faire dialoguer les disciplines. Je d\u00e9veloppe un parcours \u00e0 la crois\u00e9e de la transmission, de la transformation et de la diplomatie culturelle. Ce site rassemble rep\u00e8res, engagements, contributions, entretiens et actualit\u00e9s. Mon parcours s\u2019est construit dans des environnements exigeants \u2014 banque et assurance, transformation strat\u00e9gique [&hellip;]<\/p>\n","protected":false},"author":1,"featured_media":0,"parent":0,"menu_order":0,"comment_status":"closed","ping_status":"closed","template":"page-no-title","meta":{"footnotes":""},"class_list":["post-11","page","type-page","status-publish","hentry"],"_links":{"self":[{"href":"https:\/\/oliviermetellus.fr\/index.php\/wp-json\/wp\/v2\/pages\/11","targetHints":{"allow":["GET"]}}],"collection":[{"href":"https:\/\/oliviermetellus.fr\/index.php\/wp-json\/wp\/v2\/pages"}],"about":[{"href":"https:\/\/oliviermetellus.fr\/index.php\/wp-json\/wp\/v2\/types\/page"}],"author":[{"embeddable":true,"href":"https:\/\/oliviermetellus.fr\/index.php\/wp-json\/wp\/v2\/users\/1"}],"replies":[{"embeddable":true,"href":"https:\/\/oliviermetellus.fr\/index.php\/wp-json\/wp\/v2\/comments?post=11"}],"version-history":[{"count":53,"href":"https:\/\/oliviermetellus.fr\/index.php\/wp-json\/wp\/v2\/pages\/11\/revisions"}],"predecessor-version":[{"id":1468,"href":"https:\/\/oliviermetellus.fr\/index.php\/wp-json\/wp\/v2\/pages\/11\/revisions\/1468"}],"wp:attachment":[{"href":"https:\/\/oliviermetellus.fr\/index.php\/wp-json\/wp\/v2\/media?parent=11"}],"curies":[{"name":"wp","href":"https:\/\/api.w.org\/{rel}","templated":true}]}}

Olivier Métellus

<figure class="wp-block-image alignwide size-full"><img loading="lazy" decoding="async" width="1584" height="396" src="https://oliviermetellus.fr/wp-content/uploads/2026/02/BANDEAU-1.png" alt="" class="wp-image-12" srcset="https://oliviermetellus.fr/wp-content/uploads/2026/02/BANDEAU-1.png 1584w, https://oliviermetellus.fr/wp-content/uploads/2026/02/BANDEAU-1-300x75.png 300w, https://oliviermetellus.fr/wp-content/uploads/2026/02/BANDEAU-1-1024x256.png 1024w, https://oliviermetellus.fr/wp-content/uploads/2026/02/BANDEAU-1-768x192.png 768w, https://oliviermetellus.fr/wp-content/uploads/2026/02/BANDEAU-1-1536x384.png 1536w" sizes="auto, (max-width: 1584px) 100vw, 1584px" /></figure>



<div class="wp-block-group alignwide is-layout-flow wp-block-group-is-layout-flow">
<p class="has-text-align-right has-custom-bleu-accent-cta-color has-text-color has-link-color has-large-font-size wp-elements-799a3dcb9dadd45252c1a2faef862353"><strong><a href="https://oliviermetellus.fr/index.php/contact/" data-type="page" data-id="874">Contact</a></strong> | <a href="https://oliviermetellus.fr/index.php/actualites/" data-type="page" data-id="450">Actualités</a></p>
</div>



<div class="wp-block-columns alignwide is-layout-flex wp-container-core-columns-is-layout-28f84493 wp-block-columns-is-layout-flex">
<div class="wp-block-column is-layout-flow wp-block-column-is-layout-flow" style="flex-basis:66.66%">
<h2 class="wp-block-heading has-custom-bleu-nuit-color has-text-color has-link-color has-xx-large-font-size wp-elements-7b5cf6dbfd041825d999fef1daa8ab92" id="OlivierMetellus">OLIVIER MÉTELLUS</h2>



<p class="has-medium-font-size"><em>Des ponts dans l’espace francophone. Faire dialoguer les disciplines.</em></p>



<p>Je développe un parcours à la croisée de la transmission, de la transformation et de la diplomatie culturelle. Ce site rassemble repères, engagements, contributions, entretiens et actualités.</p>



<p>Mon parcours s’est construit dans des environnements exigeants — banque et assurance, transformation stratégique — en gouvernance comme en exécution, avec une même conviction : ce qui dure se construit par la clarté, la continuité et la confiance.</p>



<p>Parallèlement, une pratique plus ancienne d’écriture, de portraits et d’entretiens a nourri une attention constante aux trajectoires humaines, aux identités multiples et aux passerelles culturelles au sein de l’espace francophone.</p>
</div>



<div class="wp-block-column is-vertically-aligned-center is-layout-flow wp-block-column-is-layout-flow" style="flex-basis:33.33%">
<figure class="wp-block-image size-full"><img loading="lazy" decoding="async" width="717" height="716" src="https://oliviermetellus.fr/wp-content/uploads/2026/02/PROFIL-1-OLIVIER.png" alt="" class="wp-image-17" srcset="https://oliviermetellus.fr/wp-content/uploads/2026/02/PROFIL-1-OLIVIER.png 717w, https://oliviermetellus.fr/wp-content/uploads/2026/02/PROFIL-1-OLIVIER-300x300.png 300w, https://oliviermetellus.fr/wp-content/uploads/2026/02/PROFIL-1-OLIVIER-150x150.png 150w" sizes="auto, (max-width: 717px) 100vw, 717px" /></figure>
</div>
</div>



<div class="wp-block-group alignwide is-layout-flow wp-block-group-is-layout-flow">
<h2 class="wp-block-heading"><strong>Repères / Positionnement</strong></h2>



<p><strong>Mon parcours m’a donné des méthodes et une exigence . Aujourd’hui, je les mets au service de la transmission culturelle, de projets associatifs et de la diplomatie culturelle. Mon expérience du conseil et de la banque reste un socle — mais elle n’est plus un “objectif”, c&rsquo;est devenu une ressource</strong>.</p>



<p>C’est dans cette continuité que s’inscrit aujourd’hui mon engagement de transmission, notamment à travers l’<strong>Association des Amis de Jean Métellus (AAJM)</strong> et l&rsquo;<strong>Association La Nouvelle Pléiade</strong> : faire vivre des œuvres, promouvoir la francophonie et ouvrir des dialogues contemporains.</p>



<p>Les passerelles que je construis sont concrètes : entre Haïti, la France, l’Afrique de l’ouest, le Maghreb, le Canada &nbsp;et la francophonie ; entre la littérature et les questions d’aujourd’hui ; entre la poésie, le langage, la mémoire et les outils nouveaux, dont l’intelligence artificielle. Transformer, transmettre, relier : trois verbes pour une seule exigence, au service de ce qui compte.</p>



<blockquote class="wp-block-quote is-layout-flow wp-block-quote-is-layout-flow">
<p>Franco-Haïtien, j’inscris aussi ma parole dans les enjeux de mémoire, de transmission et de dialogue entre la France et Haïti. À ce titre, j’ai proposé ma contribution à la commission franco-haïtienne annoncée en 2025 consacrée à l’indemnité imposée par la France à Haïti en 1825.</p>
</blockquote>
</div>



<div style="height:30px" aria-hidden="true" class="wp-block-spacer"></div>



<hr class="wp-block-separator has-alpha-channel-opacity"/>



<div style="height:30px" aria-hidden="true" class="wp-block-spacer"></div>



<div class="wp-block-group alignwide is-style-default is-layout-grid wp-container-core-group-is-layout-b757edec wp-block-group-is-layout-grid">
<div class="wp-block-group has-border-color has-custom-gris-clair-background-color has-background has-global-padding is-layout-constrained wp-container-core-group-is-layout-c385debf wp-block-group-is-layout-constrained" style="border-color:#182984;border-top-left-radius:18px;border-top-right-radius:18px;border-bottom-left-radius:18px;border-bottom-right-radius:18px;padding-top:var(--wp--preset--spacing--20);padding-right:var(--wp--preset--spacing--20);padding-bottom:var(--wp--preset--spacing--20);padding-left:var(--wp--preset--spacing--20)">
<h3 class="wp-block-heading has-large-font-size"><strong>Parcours &amp; expérience</strong></h3>



<p>Parcours &amp; expérience réunit l’essentiel de mon itinéraire professionnel : plus de trois décennies en banque et assurance, puis le conseil et l’enseignement, au service de transformations complexes. Vous y trouverez une lecture structurée des responsabilités exercées (gouvernance, pilotage, arbitrages, mise en œuvre) et un aperçu clair de mes domaines d’expertise.</p>



<div style="height:40px" aria-hidden="true" class="wp-block-spacer"></div>



<div class="wp-block-buttons is-layout-flex wp-block-buttons-is-layout-flex">
<div class="wp-block-button"><a class="wp-block-button__link has-custom-blanc-color has-custom-bleu-accent-cta-background-color has-text-color has-background has-link-color wp-element-button" href="https://oliviermetellus.fr/index.php/parcours-experiences/" target="_blank" rel="noreferrer noopener">Découvrir</a></div>
</div>
</div>



<div class="wp-block-group has-border-color has-custom-gris-clair-background-color has-background has-global-padding is-layout-constrained wp-container-core-group-is-layout-c385debf wp-block-group-is-layout-constrained" style="border-color:#182984;border-top-left-radius:18px;border-top-right-radius:18px;border-bottom-left-radius:18px;border-bottom-right-radius:18px;padding-top:var(--wp--preset--spacing--20);padding-right:var(--wp--preset--spacing--20);padding-bottom:var(--wp--preset--spacing--20);padding-left:var(--wp--preset--spacing--20)">
<h3 class="wp-block-heading"><strong>Culture &amp; transmission</strong></h3>



<p>Cette section rassemble un même fil : recevoir, tenir, transmettre. Elle met en lumière des actions et des formats (rencontres, cycles, prix, partenariats, archives), ainsi que des repères de lecture pour situer le sens d’une démarche : faire circuler les textes, relier les personnes, ouvrir des passerelles dans l’espace francophone.</p>



<div style="height:var(--wp--preset--spacing--50)" aria-hidden="true" class="wp-block-spacer"></div>



<div class="wp-block-buttons is-layout-flex wp-block-buttons-is-layout-flex">
<div class="wp-block-button"><a class="wp-block-button__link has-custom-blanc-color has-custom-bleu-accent-cta-background-color has-text-color has-background has-link-color wp-element-button" href="https://oliviermetellus.fr/index.php/culture-transmission/" target="_blank" rel="noreferrer noopener">Découvrir</a></div>
</div>
</div>
</div>



<div class="wp-block-group alignwide is-style-default is-layout-grid wp-container-core-group-is-layout-b757edec wp-block-group-is-layout-grid">
<div class="wp-block-group has-border-color has-custom-gris-clair-background-color has-background has-global-padding is-layout-constrained wp-container-core-group-is-layout-c385debf wp-block-group-is-layout-constrained" style="border-color:#182984;border-top-left-radius:18px;border-top-right-radius:18px;border-bottom-left-radius:18px;border-bottom-right-radius:18px;padding-top:var(--wp--preset--spacing--20);padding-right:var(--wp--preset--spacing--20);padding-bottom:var(--wp--preset--spacing--20);padding-left:var(--wp--preset--spacing--20)">
<h3 class="wp-block-heading"><strong>Contributions</strong></h3>



<p>Mes contributions prennent trois formes : écrire, interviewer, prendre position. Les supports ont varié — presse, web, cadre associatif — mais le fil reste constant : mettre en lumière des trajectoires, clarifier des idées, faire circuler une parole. La section est organisée en collections : un aperçu en vitrine, le reste en archives.</p>



<div class="wp-block-buttons is-layout-flex wp-block-buttons-is-layout-flex">
<div class="wp-block-button"><a class="wp-block-button__link has-custom-blanc-color has-custom-bleu-accent-cta-background-color has-text-color has-background has-link-color wp-element-button" href="https://oliviermetellus.fr/index.php/contributions/" target="_blank" rel="noreferrer noopener">Découvrir</a></div>
</div>
</div>



<div class="wp-block-group has-border-color has-custom-gris-clair-background-color has-background has-global-padding is-layout-constrained wp-container-core-group-is-layout-c385debf wp-block-group-is-layout-constrained" style="border-color:#182984;border-top-left-radius:18px;border-top-right-radius:18px;border-bottom-left-radius:18px;border-bottom-right-radius:18px;padding-top:var(--wp--preset--spacing--20);padding-right:var(--wp--preset--spacing--20);padding-bottom:var(--wp--preset--spacing--20);padding-left:var(--wp--preset--spacing--20)">
<h3 class="wp-block-heading"><strong>Actualités</strong></h3>



<p>Interventions, prises de position, publications récentes, événements : cette rubrique regroupe les nouvelles et repères au fil de l’eau. Elle permet de suivre l’agenda et les mises à jour du site, dans un format bref et régulier.</p>



<div style="height:45px" aria-hidden="true" class="wp-block-spacer"></div>



<div class="wp-block-buttons is-layout-flex wp-block-buttons-is-layout-flex">
<div class="wp-block-button"><a class="wp-block-button__link has-custom-blanc-color has-custom-bleu-accent-cta-background-color has-text-color has-background has-link-color wp-element-button" href="https://oliviermetellus.fr/index.php/actualites/" target="_blank" rel="noreferrer noopener">Découvrir</a></div>
</div>
</div>
</div>

<p>Contact | Actualités OLIVIER MÉTELLUS Des ponts dans l’espace francophone. Faire dialoguer les disciplines. Je développe un parcours à la croisée de la transmission, de la transformation et de la diplomatie culturelle. Ce site rassemble repères, engagements, contributions, entretiens et actualités. Mon parcours s’est construit dans des environnements exigeants — banque et assurance, transformation stratégique [&hellip;]</p>
