{"id":1242,"date":"2026-03-08T09:22:45","date_gmt":"2026-03-08T09:22:45","guid":{"rendered":"https:\/\/oliviermetellus.fr\/?page_id=1242"},"modified":"2026-03-08T10:57:06","modified_gmt":"2026-03-08T10:57:06","slug":"la-dette-imposee-a-haiti-en-1825","status":"publish","type":"page","link":"https:\/\/oliviermetellus.fr\/index.php\/la-dette-imposee-a-haiti-en-1825\/","title":{"rendered":"Dette impos\u00e9e \u00e0 Ha\u00efti en 1825 : une d\u00e9marche de contribution"},"content":{"rendered":"\n<div class=\"wp-block-group alignwide is-layout-flow wp-block-group-is-layout-flow\">\n<p>En tant que Franco-Ha\u00eftien, j\u2019ai souhait\u00e9 proposer ma contribution \u00e0 la commission franco-ha\u00eftienne annonc\u00e9e en 2025 autour de l\u2019indemnit\u00e9 impos\u00e9e \u00e0 Ha\u00efti en 1825. Cette d\u00e9marche s\u2019inscrit pour moi, au croisement de l\u2019histoire, de la m\u00e9moire, du dialogue et de la responsabilit\u00e9.<\/p>\n\n\n\n<p>Je me suis signal\u00e9 \u00e9galement aupr\u00e8s des responsables de cette commission c\u00f4t\u00e9 ha\u00eftien comme c\u00f4t\u00e9 fran\u00e7ais.<\/p>\n\n\n\n<div style=\"height:50px\" aria-hidden=\"true\" class=\"wp-block-spacer\"><\/div>\n\n\n\n<h2 class=\"wp-block-heading\">Le sens de ma d\u00e9marche<\/h2>\n\n\n\n<p>L\u2019annonce, par le Pr\u00e9sident de la R\u00e9publique, de la cr\u00e9ation d\u2019une commission franco-ha\u00eftienne sur l\u2019impact de l\u2019indemnit\u00e9 de 1825 a r\u00e9sonn\u00e9 pour moi de mani\u00e8re particuli\u00e8re. J\u2019ai donc pris l\u2019initiative de lui adresser un courrier pour proposer ma contribution \u00e0 cette r\u00e9flexion.<\/p>\n\n\n\n<p>Ma d\u00e9marche reposait sur une id\u00e9e simple : certains sujets exigent \u00e0 la fois rigueur, recul et capacit\u00e9 \u00e0 relier les dimensions historiques, humaines, \u00e9conomiques, institutionnelles et symboliques. La question de la dette impos\u00e9e \u00e0 Ha\u00efti appartient \u00e0 cette cat\u00e9gorie. Elle appelle un travail s\u00e9rieux, une parole juste, et une volont\u00e9 sinc\u00e8re de compr\u00e9hension mutuelle.<\/p>\n\n\n\n<h2 class=\"wp-block-heading\">Une parole situ\u00e9e<\/h2>\n\n\n\n<p>Ma d\u00e9marche s\u2019enracine dans une histoire personnelle autant que dans un parcours professionnel. Franco-Ha\u00eftien, n\u00e9 en France, j\u2019ai acquis la nationalit\u00e9 ha\u00eftienne en hommage \u00e0 mon p\u00e8re, Jean M\u00e9tellus, \u00e9crivain et neurologue, dont le parcours a incarn\u00e9 \u00e0 sa mani\u00e8re un lien exigeant entre Ha\u00efti et la France.<\/p>\n\n\n\n<p>\u00c0 cette dimension intime s\u2019ajoute une exp\u00e9rience de plus de trente ann\u00e9es dans l\u2019univers de la banque, du conseil, de la transformation et de la conduite de projets complexes. J\u2019ai estim\u00e9 que cette double perspective \u2014 personnelle et professionnelle \u2014 pouvait apporter une contribution utile \u00e0 une r\u00e9flexion de port\u00e9e historique et civique.<\/p>\n\n\n\n<h2 class=\"wp-block-heading\">Le cadre retenu<\/h2>\n\n\n\n<p>La commission annonc\u00e9e par le Pr\u00e9sident de la R\u00e9publique a toutefois \u00e9t\u00e9 con\u00e7ue comme une <strong>commission franco-ha\u00eftienne d\u2019historiens<\/strong>, charg\u00e9e d\u2019\u00e9tudier l\u2019impact de l\u2019indemnit\u00e9 pay\u00e9e par Ha\u00efti \u00e0 la France apr\u00e8s 1825. Dans ce cadre pr\u00e9cis, il est naturel que d\u2019autres profils n\u2019aient pas \u00e9t\u00e9 retenus.<\/p>\n\n\n\n<p>Cela n\u2019enl\u00e8ve rien, \u00e0 mes yeux, au bien-fond\u00e9 de la d\u00e9marche engag\u00e9e. Il me para\u00eet important que ce sujet continue d\u2019\u00eatre port\u00e9 avec s\u00e9rieux, dans un esprit de v\u00e9rit\u00e9, de respect et d\u2019avenir. <\/p>\n\n\n\n<p>Entre la France et Ha\u00efti, les questions d\u2019histoire ne rel\u00e8vent pas seulement du pass\u00e9 : elles engagent aussi une certaine mani\u00e8re de faire place \u00e0 la v\u00e9rit\u00e9, au respect et au dialogue.<\/p>\n\n\n\n<h2 class=\"wp-block-heading\">Document associ\u00e9<\/h2>\n\n\n\n<p>Pour garder trace de cette d\u00e9marche, je mets \u00e0 disposition le courrier adress\u00e9 au Pr\u00e9sident de la R\u00e9publique<\/p>\n\n\n\n<div class=\"wp-block-buttons is-layout-flex wp-block-buttons-is-layout-flex\">\n<div class=\"wp-block-button\"><a class=\"wp-block-button__link has-custom-blanc-color has-custom-bleu-accent-cta-background-color has-text-color has-background has-link-color wp-element-button\" href=\"https:\/\/oliviermetellus.fr\/wp-content\/uploads\/2026\/03\/A_l_attention_du_President_Macron_sans_coordonnees.pdf\" target=\"_blank\" rel=\"noreferrer noopener\">Consulter le courrier<\/a><\/div>\n<\/div>\n<\/div>\n","protected":false},"excerpt":{"rendered":"<p>En tant que Franco-Ha\u00eftien, j\u2019ai souhait\u00e9 proposer ma contribution \u00e0 la commission franco-ha\u00eftienne annonc\u00e9e en 2025 autour de l\u2019indemnit\u00e9 impos\u00e9e \u00e0 Ha\u00efti en 1825. Cette d\u00e9marche s\u2019inscrit pour moi, au croisement de l\u2019histoire, de la m\u00e9moire, du dialogue et de la responsabilit\u00e9. Je me suis signal\u00e9 \u00e9galement aupr\u00e8s des responsables de cette commission c\u00f4t\u00e9 ha\u00eftien [&hellip;]<\/p>\n","protected":false},"author":1,"featured_media":0,"parent":0,"menu_order":0,"comment_status":"closed","ping_status":"closed","template":"page-interne-bandeau-bleu","meta":{"footnotes":""},"class_list":["post-1242","page","type-page","status-publish","hentry"],"_links":{"self":[{"href":"https:\/\/oliviermetellus.fr\/index.php\/wp-json\/wp\/v2\/pages\/1242","targetHints":{"allow":["GET"]}}],"collection":[{"href":"https:\/\/oliviermetellus.fr\/index.php\/wp-json\/wp\/v2\/pages"}],"about":[{"href":"https:\/\/oliviermetellus.fr\/index.php\/wp-json\/wp\/v2\/types\/page"}],"author":[{"embeddable":true,"href":"https:\/\/oliviermetellus.fr\/index.php\/wp-json\/wp\/v2\/users\/1"}],"replies":[{"embeddable":true,"href":"https:\/\/oliviermetellus.fr\/index.php\/wp-json\/wp\/v2\/comments?post=1242"}],"version-history":[{"count":16,"href":"https:\/\/oliviermetellus.fr\/index.php\/wp-json\/wp\/v2\/pages\/1242\/revisions"}],"predecessor-version":[{"id":1291,"href":"https:\/\/oliviermetellus.fr\/index.php\/wp-json\/wp\/v2\/pages\/1242\/revisions\/1291"}],"wp:attachment":[{"href":"https:\/\/oliviermetellus.fr\/index.php\/wp-json\/wp\/v2\/media?parent=1242"}],"curies":[{"name":"wp","href":"https:\/\/api.w.org\/{rel}","templated":true}]}}

Dette imposée à Haïti en 1825 : une démarche de contribution

<div class="wp-block-group alignwide is-layout-flow wp-block-group-is-layout-flow">
<p>En tant que Franco-Haïtien, j’ai souhaité proposer ma contribution à la commission franco-haïtienne annoncée en 2025 autour de l’indemnité imposée à Haïti en 1825. Cette démarche s’inscrit pour moi, au croisement de l’histoire, de la mémoire, du dialogue et de la responsabilité.</p>



<p>Je me suis signalé également auprès des responsables de cette commission côté haïtien comme côté français.</p>



<div style="height:50px" aria-hidden="true" class="wp-block-spacer"></div>



<h2 class="wp-block-heading">Le sens de ma démarche</h2>



<p>L’annonce, par le Président de la République, de la création d’une commission franco-haïtienne sur l’impact de l’indemnité de 1825 a résonné pour moi de manière particulière. J’ai donc pris l’initiative de lui adresser un courrier pour proposer ma contribution à cette réflexion.</p>



<p>Ma démarche reposait sur une idée simple : certains sujets exigent à la fois rigueur, recul et capacité à relier les dimensions historiques, humaines, économiques, institutionnelles et symboliques. La question de la dette imposée à Haïti appartient à cette catégorie. Elle appelle un travail sérieux, une parole juste, et une volonté sincère de compréhension mutuelle.</p>



<h2 class="wp-block-heading">Une parole située</h2>



<p>Ma démarche s’enracine dans une histoire personnelle autant que dans un parcours professionnel. Franco-Haïtien, né en France, j’ai acquis la nationalité haïtienne en hommage à mon père, Jean Métellus, écrivain et neurologue, dont le parcours a incarné à sa manière un lien exigeant entre Haïti et la France.</p>



<p>À cette dimension intime s’ajoute une expérience de plus de trente années dans l’univers de la banque, du conseil, de la transformation et de la conduite de projets complexes. J’ai estimé que cette double perspective — personnelle et professionnelle — pouvait apporter une contribution utile à une réflexion de portée historique et civique.</p>



<h2 class="wp-block-heading">Le cadre retenu</h2>



<p>La commission annoncée par le Président de la République a toutefois été conçue comme une <strong>commission franco-haïtienne d’historiens</strong>, chargée d’étudier l’impact de l’indemnité payée par Haïti à la France après 1825. Dans ce cadre précis, il est naturel que d’autres profils n’aient pas été retenus.</p>



<p>Cela n’enlève rien, à mes yeux, au bien-fondé de la démarche engagée. Il me paraît important que ce sujet continue d’être porté avec sérieux, dans un esprit de vérité, de respect et d’avenir. </p>



<p>Entre la France et Haïti, les questions d’histoire ne relèvent pas seulement du passé : elles engagent aussi une certaine manière de faire place à la vérité, au respect et au dialogue.</p>



<h2 class="wp-block-heading">Document associé</h2>



<p>Pour garder trace de cette démarche, je mets à disposition le courrier adressé au Président de la République</p>



<div class="wp-block-buttons is-layout-flex wp-block-buttons-is-layout-flex">
<div class="wp-block-button"><a class="wp-block-button__link has-custom-blanc-color has-custom-bleu-accent-cta-background-color has-text-color has-background has-link-color wp-element-button" href="https://oliviermetellus.fr/wp-content/uploads/2026/03/A_l_attention_du_President_Macron_sans_coordonnees.pdf" target="_blank" rel="noreferrer noopener">Consulter le courrier</a></div>
</div>
</div>

<p>En tant que Franco-Haïtien, j’ai souhaité proposer ma contribution à la commission franco-haïtienne annoncée en 2025 autour de l’indemnité imposée à Haïti en 1825. Cette démarche s’inscrit pour moi, au croisement de l’histoire, de la mémoire, du dialogue et de la responsabilité. Je me suis signalé également auprès des responsables de cette commission côté haïtien [&hellip;]</p>
