{"id":369,"date":"2026-03-06T15:24:08","date_gmt":"2026-03-06T15:24:08","guid":{"rendered":"https:\/\/oliviermetellus.fr\/?page_id=369"},"modified":"2026-03-07T12:04:18","modified_gmt":"2026-03-07T12:04:18","slug":"entretiens","status":"publish","type":"page","link":"https:\/\/oliviermetellus.fr\/index.php\/entretiens\/","title":{"rendered":"Entretiens"},"content":{"rendered":"\n<figure class=\"wp-block-image alignwide size-large\"><img loading=\"lazy\" decoding=\"async\" width=\"1024\" height=\"384\" src=\"https:\/\/oliviermetellus.fr\/wp-content\/uploads\/2026\/02\/Bandeau_entretiens_O_Metellus-1-1024x384.png\" alt=\"\" class=\"wp-image-372\" srcset=\"https:\/\/oliviermetellus.fr\/wp-content\/uploads\/2026\/02\/Bandeau_entretiens_O_Metellus-1-1024x384.png 1024w, https:\/\/oliviermetellus.fr\/wp-content\/uploads\/2026\/02\/Bandeau_entretiens_O_Metellus-1-300x113.png 300w, https:\/\/oliviermetellus.fr\/wp-content\/uploads\/2026\/02\/Bandeau_entretiens_O_Metellus-1-768x288.png 768w, https:\/\/oliviermetellus.fr\/wp-content\/uploads\/2026\/02\/Bandeau_entretiens_O_Metellus-1.png 1200w\" sizes=\"auto, (max-width: 1024px) 100vw, 1024px\" \/><\/figure>\n\n\n\n<div class=\"wp-block-group alignwide is-layout-flow wp-block-group-is-layout-flow\">\n<p>L\u2019entretien est un exercice de pr\u00e9cision : \u00e9couter, pr\u00e9parer, relancer, puis restituer une parole sans la d\u00e9former.<\/p>\n\n\n\n<p>Ces dialogues s\u2019inscrivent dans deux moments distincts : une premi\u00e8re s\u00e9rie consacr\u00e9e aux figures du m\u00e9tissage (2009), puis des entretiens plus r\u00e9cents men\u00e9s dans le cadre de l\u2019AAJM.<\/p>\n\n\n\n<p><strong>Acc\u00e8s direct<\/strong><\/p>\n\n\n\n<p><a href=\"#wagens\" data-type=\"internal\" data-id=\"#wagens\">Wagens Jean-Louis<\/a> \u00b7 <a href=\"#ruben\" data-type=\"internal\" data-id=\"#rubens\">Rubens Louis<\/a> \u00b7 <a href=\"#ducasse\" data-type=\"internal\" data-id=\"#ducasse\">Sophie Ducasse<\/a> \u00b7 <a href=\"#halexander\" data-type=\"internal\" data-id=\"#halexander\">Jann Halexander<\/a> \u00b7 <a href=\"#jacquemod\" data-type=\"internal\" data-id=\"#jacquemod\">Ingrid Jacquemod <\/a>\u00b7 <a href=\"#noah\" data-type=\"internal\" data-id=\"#noah\">Yelena Noah<\/a><\/p>\n<\/div>\n\n\n\n<h2 class=\"wp-block-heading alignwide\">Entretiens AAJM (2025 &#8211; 2026)<\/h2>\n\n\n\n<div class=\"wp-block-group alignwide is-layout-flow wp-block-group-is-layout-flow\">\n<p>Science, \u00e9loquence et transmission.<\/p>\n<\/div>\n\n\n\n<div class=\"wp-block-columns alignwide has-custom-gris-clair-background-color has-background is-layout-flex wp-container-core-columns-is-layout-28f84493 wp-block-columns-is-layout-flex\" id=\"wagens\" style=\"border-top-left-radius:15px;border-top-right-radius:15px;border-bottom-left-radius:15px;border-bottom-right-radius:15px\">\n<div class=\"wp-block-column is-layout-flow wp-block-column-is-layout-flow\" style=\"flex-basis:33.33%\">\n<h3 class=\"wp-block-heading\"><strong>Wagens Jan-Louis<\/strong><\/h3>\n\n\n\n<figure class=\"wp-block-image size-full\"><img loading=\"lazy\" decoding=\"async\" width=\"1080\" height=\"1350\" src=\"https:\/\/oliviermetellus.fr\/wp-content\/uploads\/2026\/02\/Entretien_Wagens_JeanLouis_LinkedIn_v2.png\" alt=\"\" class=\"wp-image-384\" srcset=\"https:\/\/oliviermetellus.fr\/wp-content\/uploads\/2026\/02\/Entretien_Wagens_JeanLouis_LinkedIn_v2.png 1080w, https:\/\/oliviermetellus.fr\/wp-content\/uploads\/2026\/02\/Entretien_Wagens_JeanLouis_LinkedIn_v2-240x300.png 240w, https:\/\/oliviermetellus.fr\/wp-content\/uploads\/2026\/02\/Entretien_Wagens_JeanLouis_LinkedIn_v2-819x1024.png 819w, https:\/\/oliviermetellus.fr\/wp-content\/uploads\/2026\/02\/Entretien_Wagens_JeanLouis_LinkedIn_v2-768x960.png 768w\" sizes=\"auto, (max-width: 1080px) 100vw, 1080px\" \/><\/figure>\n\n\n\n<p><em>Art oratoire \u2013 AAJM \u2013 2026<\/em><\/p>\n<\/div>\n\n\n\n<div class=\"wp-block-column is-layout-flow wp-block-column-is-layout-flow\" style=\"flex-basis:66.66%\">\n<p><\/p>\n\n\n\n<p>Art oratoire, structuration des antennes en Ha\u00efti et accompagnement de la jeunesse : l\u2019entretien explore la construction d\u2019un cadre d\u2019expression exigeant.<br>Une r\u00e9flexion sur \u00e9loquence, transmission et responsabilit\u00e9 collective.<\/p>\n\n\n\n<p><em>\u00c0 l\u2019occasion de la participation de l\u2019antenne de Jacmel \u00e0 la finale internationale d\u2019Eloquentia, cet entretien \u00e9claire le r\u00f4le structurant de l\u2019art oratoire dans l\u2019accompagnement des jeunes talents ha\u00eftiens.<\/em><\/p>\n\n\n\n<p><\/p>\n\n\n\n<div class=\"wp-block-buttons is-layout-flex wp-block-buttons-is-layout-flex\">\n<div class=\"wp-block-button\"><a class=\"wp-block-button__link has-custom-blanc-color has-custom-bleu-accent-cta-background-color has-text-color has-background has-link-color wp-element-button\" href=\"https:\/\/jeanmetellus.com\/porter-sa-voix-depuis-jacmel-entretien-avec-wagens-jean-louis-artisan-deloquentia-haiti\/\" target=\"_blank\" rel=\"noreferrer noopener\">Lire l&rsquo;entretien sur les pages de l&rsquo;AAJM<\/a><\/div>\n<\/div>\n<\/div>\n<\/div>\n\n\n\n<div style=\"height:50px\" aria-hidden=\"true\" class=\"wp-block-spacer\"><\/div>\n\n\n\n<div class=\"wp-block-columns alignwide has-custom-gris-clair-background-color has-background is-layout-flex wp-container-core-columns-is-layout-28f84493 wp-block-columns-is-layout-flex\" id=\"ruben\" style=\"border-top-left-radius:15px;border-top-right-radius:15px;border-bottom-left-radius:15px;border-bottom-right-radius:15px\">\n<div class=\"wp-block-column is-layout-flow wp-block-column-is-layout-flow\" style=\"flex-basis:33.33%\">\n<h3 class=\"wp-block-heading\"><strong>Rubens Louis<\/strong><\/h3>\n\n\n\n<figure class=\"wp-block-image size-full\"><img loading=\"lazy\" decoding=\"async\" width=\"1080\" height=\"1350\" src=\"https:\/\/oliviermetellus.fr\/wp-content\/uploads\/2026\/02\/Entretien_Ruben_Louis_LinkedIn_v3.png\" alt=\"\" class=\"wp-image-383\" srcset=\"https:\/\/oliviermetellus.fr\/wp-content\/uploads\/2026\/02\/Entretien_Ruben_Louis_LinkedIn_v3.png 1080w, https:\/\/oliviermetellus.fr\/wp-content\/uploads\/2026\/02\/Entretien_Ruben_Louis_LinkedIn_v3-240x300.png 240w, https:\/\/oliviermetellus.fr\/wp-content\/uploads\/2026\/02\/Entretien_Ruben_Louis_LinkedIn_v3-819x1024.png 819w, https:\/\/oliviermetellus.fr\/wp-content\/uploads\/2026\/02\/Entretien_Ruben_Louis_LinkedIn_v3-768x960.png 768w\" sizes=\"auto, (max-width: 1080px) 100vw, 1080px\" \/><\/figure>\n\n\n\n<p><em>Math\u00e9maticien \u2013 AAJM \u2013 2025<\/em><\/p>\n<\/div>\n\n\n\n<div class=\"wp-block-column is-layout-flow wp-block-column-is-layout-flow\" style=\"flex-basis:66.66%\">\n<p><\/p>\n\n\n\n<p>Un dialogue autour de l\u2019excellence scientifique, du parcours acad\u00e9mique international et de la place des sciences dans l\u2019espace francophone.<br>L\u2019entretien \u00e9claire les liens entre rigueur math\u00e9matique, transmission et responsabilit\u00e9 intellectuelle.<\/p>\n\n\n\n<div class=\"wp-block-buttons is-layout-flex wp-block-buttons-is-layout-flex\">\n<div class=\"wp-block-button\"><a class=\"wp-block-button__link has-custom-blanc-color has-custom-bleu-accent-cta-background-color has-text-color has-background has-link-color wp-element-button\" href=\"https:\/\/jeanmetellus.com\/de-port-au-prince-a-urbana-champaign-le-parcours-scientifique-de-ruben-louis\/\" target=\"_blank\" rel=\"noreferrer noopener\">Lire l&rsquo;entretien sur les pages de l&rsquo;AAJM<\/a><\/div>\n<\/div>\n<\/div>\n<\/div>\n\n\n\n<h2 class=\"wp-block-heading alignwide\">S\u00e9rie \u00ab M\u00e9tis c\u00e9l\u00e8bres \u00bb (Archives &#8211; 2009)<\/h2>\n\n\n\n<div class=\"wp-block-group alignwide is-layout-flow wp-block-group-is-layout-flow\">\n<p>Figures du m\u00e9tissage et trajectoires singuli\u00e8res.<\/p>\n<\/div>\n\n\n\n<div class=\"wp-block-columns alignwide has-custom-gris-clair-background-color has-background is-layout-flex wp-container-core-columns-is-layout-28f84493 wp-block-columns-is-layout-flex\" id=\"ducasse\" style=\"border-top-left-radius:15px;border-top-right-radius:15px;border-bottom-left-radius:15px;border-bottom-right-radius:15px\">\n<div class=\"wp-block-column is-layout-flow wp-block-column-is-layout-flow\" style=\"flex-basis:33.33%\">\n<h3 class=\"wp-block-heading\"><strong>Sophie Ducasse<\/strong><\/h3>\n\n\n\n<figure class=\"wp-block-image size-full\"><img loading=\"lazy\" decoding=\"async\" width=\"454\" height=\"453\" src=\"https:\/\/oliviermetellus.fr\/wp-content\/uploads\/2026\/02\/Sophie_Ducasse.jpg\" alt=\"\" class=\"wp-image-373\" style=\"aspect-ratio:1;object-fit:cover\" srcset=\"https:\/\/oliviermetellus.fr\/wp-content\/uploads\/2026\/02\/Sophie_Ducasse.jpg 454w, https:\/\/oliviermetellus.fr\/wp-content\/uploads\/2026\/02\/Sophie_Ducasse-300x300.jpg 300w, https:\/\/oliviermetellus.fr\/wp-content\/uploads\/2026\/02\/Sophie_Ducasse-150x150.jpg 150w\" sizes=\"auto, (max-width: 454px) 100vw, 454px\" \/><figcaption class=\"wp-element-caption\">CREATOR: gd-jpeg v1.0 (using IJG JPEG v62), quality = 85<\/figcaption><\/figure>\n\n\n\n<p><em>Parcours m\u00e9diatique \u2013 M\u00e9tis c\u00e9l\u00e8bres \u2013 2009<\/em><\/p>\n<\/div>\n\n\n\n<div class=\"wp-block-column is-layout-flow wp-block-column-is-layout-flow\" style=\"flex-basis:66.66%\">\n<p><\/p>\n\n\n\n<p>\u00c0 travers son parcours \u2013 des concours de beaut\u00e9 aux engagements personnels \u2013 Sophie Ducasse revient sur la visibilit\u00e9 des femmes m\u00e9tisses dans l\u2019espace public.<br>L\u2019entretien aborde la c\u00e9l\u00e9brit\u00e9, l\u2019identit\u00e9 franco-africaine, la spiritualit\u00e9, la transmission familiale et l\u2019image de la beaut\u00e9 dans la soci\u00e9t\u00e9 contemporaine.<br>Une r\u00e9flexion sur repr\u00e9sentation, ambition et libert\u00e9 personnelle.<\/p>\n\n\n\n<div class=\"wp-block-buttons is-layout-flex wp-block-buttons-is-layout-flex\">\n<div class=\"wp-block-button\"><a class=\"wp-block-button__link has-custom-blanc-color has-custom-bleu-accent-cta-background-color has-text-color has-background has-link-color wp-element-button\" href=\"https:\/\/oliviermetellus.fr\/wp-content\/uploads\/2026\/03\/SD_Archive.pdf\" target=\"_blank\" rel=\"noreferrer noopener\">Pr\u00e9sentation<\/a><\/div>\n\n\n\n<div class=\"wp-block-button\"><a class=\"wp-block-button__link has-custom-blanc-color has-custom-bleu-accent-cta-background-color has-text-color has-background has-link-color wp-element-button\" href=\"https:\/\/oliviermetellus.fr\/wp-content\/uploads\/2026\/03\/SD1_Archive.pdf\" target=\"_blank\" rel=\"noreferrer noopener\">Partie I<\/a><\/div>\n\n\n\n<div class=\"wp-block-button\"><a class=\"wp-block-button__link has-custom-blanc-color has-custom-bleu-accent-cta-background-color has-text-color has-background has-link-color wp-element-button\" href=\"https:\/\/oliviermetellus.fr\/wp-content\/uploads\/2026\/03\/SD2_Archive.pdf\" target=\"_blank\" rel=\"noreferrer noopener\">Partie II<\/a><\/div>\n<\/div>\n<\/div>\n<\/div>\n\n\n\n<div style=\"height:50px\" aria-hidden=\"true\" class=\"wp-block-spacer\"><\/div>\n\n\n\n<div class=\"wp-block-columns alignwide has-custom-gris-clair-background-color has-background is-layout-flex wp-container-core-columns-is-layout-28f84493 wp-block-columns-is-layout-flex\" id=\"halexander\" style=\"border-top-left-radius:15px;border-top-right-radius:15px;border-bottom-left-radius:15px;border-bottom-right-radius:15px\">\n<div class=\"wp-block-column is-layout-flow wp-block-column-is-layout-flow\" style=\"flex-basis:33.33%\">\n<h3 class=\"wp-block-heading\"><strong><strong>Jann Halexander<\/strong><\/strong><\/h3>\n\n\n\n<figure class=\"wp-block-image size-full\"><img loading=\"lazy\" decoding=\"async\" width=\"400\" height=\"400\" src=\"https:\/\/oliviermetellus.fr\/wp-content\/uploads\/2026\/02\/Jann-Halexander.jpg\" alt=\"\" class=\"wp-image-375\" style=\"aspect-ratio:1;object-fit:cover\" srcset=\"https:\/\/oliviermetellus.fr\/wp-content\/uploads\/2026\/02\/Jann-Halexander.jpg 400w, https:\/\/oliviermetellus.fr\/wp-content\/uploads\/2026\/02\/Jann-Halexander-300x300.jpg 300w, https:\/\/oliviermetellus.fr\/wp-content\/uploads\/2026\/02\/Jann-Halexander-150x150.jpg 150w\" sizes=\"auto, (max-width: 400px) 100vw, 400px\" \/><figcaption class=\"wp-element-caption\">CREATOR: gd-jpeg v1.0 (using IJG JPEG v62), quality = 85<\/figcaption><\/figure>\n\n\n\n<p><em><em>Auteur, compositeur \u2013 M\u00e9tis c\u00e9l\u00e8bres \u2013 2009<\/em><\/em><\/p>\n<\/div>\n\n\n\n<div class=\"wp-block-column is-layout-flow wp-block-column-is-layout-flow\" style=\"flex-basis:66.66%\">\n<p><\/p>\n\n\n\n<p>Artiste aux multiples registres, Jann Halexander interroge la place du m\u00e9tissage dans la chanson fran\u00e7aise, au cin\u00e9ma et dans l\u2019espace public.<br>L\u2019entretien aborde la m\u00e9moire des figures historiques m\u00e9tisses, la repr\u00e9sentation des minorit\u00e9s, l\u2019\u00e9volution sociologique de la France et le r\u00f4le culturel des artistes.<br>Un \u00e9change engag\u00e9 sur identit\u00e9, cr\u00e9ation et responsabilit\u00e9.<\/p>\n\n\n\n<div class=\"wp-block-buttons is-layout-flex wp-block-buttons-is-layout-flex\">\n<div class=\"wp-block-button\"><a class=\"wp-block-button__link has-custom-blanc-color has-custom-bleu-accent-cta-background-color has-text-color has-background has-link-color wp-element-button\" href=\"https:\/\/oliviermetellus.fr\/wp-content\/uploads\/2026\/03\/JH_Archive.pdf\" target=\"_blank\" rel=\"noreferrer noopener\">Pr\u00e9sentation<\/a><\/div>\n\n\n\n<div class=\"wp-block-button\"><a class=\"wp-block-button__link has-custom-blanc-color has-custom-bleu-accent-cta-background-color has-text-color has-background has-link-color wp-element-button\" href=\"https:\/\/oliviermetellus.fr\/wp-content\/uploads\/2026\/03\/JH1_Archive.pdf\" target=\"_blank\" rel=\"noreferrer noopener\">Partie I<\/a><\/div>\n\n\n\n<div class=\"wp-block-button\"><a class=\"wp-block-button__link has-custom-blanc-color has-custom-bleu-accent-cta-background-color has-text-color has-background has-link-color wp-element-button\" href=\"https:\/\/oliviermetellus.fr\/wp-content\/uploads\/2026\/03\/JH2_Archive.pdf\" target=\"_blank\" rel=\"noreferrer noopener\">Partie II<\/a><\/div>\n<\/div>\n<\/div>\n<\/div>\n\n\n\n<div style=\"height:50px\" aria-hidden=\"true\" class=\"wp-block-spacer\"><\/div>\n\n\n\n<div class=\"wp-block-columns alignwide has-custom-gris-clair-background-color has-background is-layout-flex wp-container-core-columns-is-layout-28f84493 wp-block-columns-is-layout-flex\" id=\"jacquemod\" style=\"border-top-left-radius:15px;border-top-right-radius:15px;border-bottom-left-radius:15px;border-bottom-right-radius:15px\">\n<div class=\"wp-block-column is-layout-flow wp-block-column-is-layout-flow\" style=\"flex-basis:33.33%\">\n<h3 class=\"wp-block-heading\"><strong><strong><strong>Ingrid Jacquemod<\/strong><\/strong><\/strong><\/h3>\n\n\n\n<figure class=\"wp-block-image size-full\"><img loading=\"lazy\" decoding=\"async\" width=\"300\" height=\"182\" src=\"https:\/\/oliviermetellus.fr\/wp-content\/uploads\/2026\/02\/IngridJacquemod-Interview.jpg\" alt=\"\" class=\"wp-image-374\"\/><figcaption class=\"wp-element-caption\">CREATOR: gd-jpeg v1.0 (using IJG JPEG v62), quality = 85<\/figcaption><\/figure>\n\n\n\n<p><em><em><em>Ski alpin \u2013 M\u00e9tis c\u00e9l\u00e8bres \u2013 2009<\/em><\/em><\/em><\/p>\n<\/div>\n\n\n\n<div class=\"wp-block-column is-layout-flow wp-block-column-is-layout-flow\" style=\"flex-basis:66.66%\">\n<p><\/p>\n\n\n\n<p>Championne de descente au palmar\u00e8s international, Ingrid Jacquemod \u00e9voque ses origines m\u00e9tiss\u00e9es \u2013 jama\u00efcaines, italiennes et anglaises \u2013 et leur place dans un univers sportif encore peu diversifi\u00e9.<br>L\u2019entretien explore la comp\u00e9tition de haut niveau, le \u00ab fighting spirit \u00bb, la gestion de la pression, mais aussi la culture, la spiritualit\u00e9 et l\u2019\u00e9quilibre personnel.<br>Un dialogue entre performance, identit\u00e9 et discipline.<\/p>\n\n\n\n<div class=\"wp-block-buttons is-layout-flex wp-block-buttons-is-layout-flex\">\n<div class=\"wp-block-button\"><a class=\"wp-block-button__link has-custom-blanc-color has-custom-bleu-accent-cta-background-color has-text-color has-background has-link-color wp-element-button\" href=\"https:\/\/oliviermetellus.fr\/wp-content\/uploads\/2026\/03\/IJ_Archive.pdf\" target=\"_blank\" rel=\"noreferrer noopener\">Pr\u00e9sentation<\/a><\/div>\n\n\n\n<div class=\"wp-block-button\"><a class=\"wp-block-button__link has-custom-blanc-color has-custom-bleu-accent-cta-background-color has-text-color has-background has-link-color wp-element-button\" href=\"https:\/\/oliviermetellus.fr\/wp-content\/uploads\/2026\/03\/IJ1_Archive.pdf\" target=\"_blank\" rel=\"noreferrer noopener\">Partie I<\/a><\/div>\n\n\n\n<div class=\"wp-block-button\"><a class=\"wp-block-button__link has-custom-blanc-color has-custom-bleu-accent-cta-background-color has-text-color has-background has-link-color wp-element-button\" href=\"https:\/\/oliviermetellus.fr\/wp-content\/uploads\/2026\/03\/IJ2_Archive.pdf\" target=\"_blank\" rel=\"noreferrer noopener\">Partie II<\/a><\/div>\n<\/div>\n<\/div>\n<\/div>\n\n\n\n<div style=\"height:50px\" aria-hidden=\"true\" class=\"wp-block-spacer\"><\/div>\n\n\n\n<div class=\"wp-block-columns alignwide has-custom-gris-clair-background-color has-background is-layout-flex wp-container-core-columns-is-layout-28f84493 wp-block-columns-is-layout-flex\" id=\"noah\" style=\"border-top-left-radius:15px;border-top-right-radius:15px;border-bottom-left-radius:15px;border-bottom-right-radius:15px\">\n<div class=\"wp-block-column is-layout-flow wp-block-column-is-layout-flow\" style=\"flex-basis:33.33%\">\n<h3 class=\"wp-block-heading\"><strong><strong><strong><strong>Yelena Noah<\/strong><\/strong><\/strong><\/strong><\/h3>\n\n\n\n<figure class=\"wp-block-image size-full\"><img loading=\"lazy\" decoding=\"async\" width=\"400\" height=\"400\" src=\"https:\/\/oliviermetellus.fr\/wp-content\/uploads\/2026\/02\/YNI3.bmp\" alt=\"\" class=\"wp-image-376\" srcset=\"https:\/\/oliviermetellus.fr\/wp-content\/uploads\/2026\/02\/YNI3.bmp 400w, https:\/\/oliviermetellus.fr\/wp-content\/uploads\/2026\/02\/YNI3-300x300.jpg 300w, https:\/\/oliviermetellus.fr\/wp-content\/uploads\/2026\/02\/YNI3-150x150.jpg 150w\" sizes=\"auto, (max-width: 400px) 100vw, 400px\" \/><figcaption class=\"wp-element-caption\">CREATOR: gd-jpeg v1.0 (using IJG JPEG v62), quality = 85<\/figcaption><\/figure>\n\n\n\n<p><em><em><em><em>Mod\u00e8le, artiste \u2013 M\u00e9tis c\u00e9l\u00e8bres \u2013 2009<\/em><\/em><\/em><\/em><\/p>\n<\/div>\n\n\n\n<div class=\"wp-block-column is-layout-flow wp-block-column-is-layout-flow\" style=\"flex-basis:66.66%\">\n<p><\/p>\n\n\n\n<p>Citoyenne du monde entre New York et Paris, Yelena Noah \u00e9voque identit\u00e9 plurielle, politique am\u00e9ricaine et fran\u00e7aise, h\u00e9ritage familial et engagement humanitaire.<br>Entre art, spiritualit\u00e9 et responsabilit\u00e9, elle questionne la notion de beaut\u00e9, la c\u00e9l\u00e9brit\u00e9 et le r\u00f4le d\u2019une g\u00e9n\u00e9ration consciente des enjeux globaux.<br>Un entretien dense sur culture, transmission et conscience internationale.<\/p>\n\n\n\n<div class=\"wp-block-buttons is-layout-flex wp-block-buttons-is-layout-flex\">\n<div class=\"wp-block-button\"><a class=\"wp-block-button__link has-custom-blanc-color has-custom-bleu-accent-cta-background-color has-text-color has-background has-link-color wp-element-button\" href=\"https:\/\/oliviermetellus.fr\/wp-content\/uploads\/2026\/03\/YN1_Archive.pdf\" target=\"_blank\" rel=\"noreferrer noopener\">Partie I<\/a><\/div>\n\n\n\n<div class=\"wp-block-button\"><a class=\"wp-block-button__link has-custom-blanc-color has-custom-bleu-accent-cta-background-color has-text-color has-background has-link-color wp-element-button\" href=\"https:\/\/oliviermetellus.fr\/wp-content\/uploads\/2026\/03\/YN2_Archive.pdf\" target=\"_blank\" rel=\"noreferrer noopener\">Partie II<\/a><\/div>\n\n\n\n<div class=\"wp-block-button\"><a class=\"wp-block-button__link has-custom-blanc-color has-custom-bleu-accent-cta-background-color has-text-color has-background has-link-color wp-element-button\" href=\"https:\/\/oliviermetellus.fr\/wp-content\/uploads\/2026\/03\/YN3_Archive.pdf\" target=\"_blank\" rel=\"noreferrer noopener\">Partie III<\/a><\/div>\n<\/div>\n<\/div>\n<\/div>\n\n\n\n<p><\/p>\n","protected":false},"excerpt":{"rendered":"<p>L\u2019entretien est un exercice de pr\u00e9cision : \u00e9couter, pr\u00e9parer, relancer, puis restituer une parole sans la d\u00e9former. Ces dialogues s\u2019inscrivent dans deux moments distincts : une premi\u00e8re s\u00e9rie consacr\u00e9e aux figures du m\u00e9tissage (2009), puis des entretiens plus r\u00e9cents men\u00e9s dans le cadre de l\u2019AAJM. Acc\u00e8s direct Wagens Jean-Louis \u00b7 Rubens Louis \u00b7 Sophie Ducasse [&hellip;]<\/p>\n","protected":false},"author":1,"featured_media":0,"parent":0,"menu_order":0,"comment_status":"closed","ping_status":"closed","template":"page-interne-bandeau-bleu","meta":{"footnotes":""},"class_list":["post-369","page","type-page","status-publish","hentry"],"_links":{"self":[{"href":"https:\/\/oliviermetellus.fr\/index.php\/wp-json\/wp\/v2\/pages\/369","targetHints":{"allow":["GET"]}}],"collection":[{"href":"https:\/\/oliviermetellus.fr\/index.php\/wp-json\/wp\/v2\/pages"}],"about":[{"href":"https:\/\/oliviermetellus.fr\/index.php\/wp-json\/wp\/v2\/types\/page"}],"author":[{"embeddable":true,"href":"https:\/\/oliviermetellus.fr\/index.php\/wp-json\/wp\/v2\/users\/1"}],"replies":[{"embeddable":true,"href":"https:\/\/oliviermetellus.fr\/index.php\/wp-json\/wp\/v2\/comments?post=369"}],"version-history":[{"count":20,"href":"https:\/\/oliviermetellus.fr\/index.php\/wp-json\/wp\/v2\/pages\/369\/revisions"}],"predecessor-version":[{"id":1159,"href":"https:\/\/oliviermetellus.fr\/index.php\/wp-json\/wp\/v2\/pages\/369\/revisions\/1159"}],"wp:attachment":[{"href":"https:\/\/oliviermetellus.fr\/index.php\/wp-json\/wp\/v2\/media?parent=369"}],"curies":[{"name":"wp","href":"https:\/\/api.w.org\/{rel}","templated":true}]}}