{"id":665,"date":"2026-03-06T15:22:11","date_gmt":"2026-03-06T15:22:11","guid":{"rendered":"https:\/\/oliviermetellus.fr\/?page_id=665"},"modified":"2026-03-06T17:00:56","modified_gmt":"2026-03-06T17:00:56","slug":"collection-confiance-cooperation","status":"publish","type":"page","link":"https:\/\/oliviermetellus.fr\/index.php\/collection-confiance-cooperation\/","title":{"rendered":"Collection \u201cConfiance &#038; coop\u00e9ration\u201d"},"content":{"rendered":"\n<div class=\"wp-block-group alignwide is-layout-flow wp-block-group-is-layout-flow\">\n<p>Leadership, confiance, coop\u00e9ration : ce qui rend l\u2019action collective possible, durable et humaine.<\/p>\n\n\n\n<h2 class=\"wp-block-heading\">Derniers textes<\/h2>\n\n\n\n<div class=\"wp-block-query is-layout-flow wp-block-query-is-layout-flow\"><ul class=\"wp-block-post-template is-layout-flow wp-block-post-template-is-layout-flow\"><li class=\"wp-block-post post-557 post type-post status-publish format-standard hentry category-actualites category-interventions-conferences category-publication-tribunes tag-audit tag-confiance tag-confiance-cooperation tag-leadership tag-pmi tag-prince2 tag-transformation\">\n<h3 class=\"wp-block-post-title\"><a href=\"https:\/\/oliviermetellus.fr\/index.php\/2025\/11\/25\/auditer-cest-travailler-la-confiance-leadership-transformationnel\/\" target=\"_self\" >Auditer, c\u2019est travailler la confiance \u2014 Leadership transformationnel<\/a><\/h3>\n\n<div class=\"wp-block-post-excerpt\"><p class=\"wp-block-post-excerpt__excerpt\">\u00c0 partir d\u2019une intervention pr\u00e9par\u00e9e pour la Semaine de l\u2019Audit (25\/11\/2025 &#8211; IIA #12 &#8211; El Rancho Port-Au-Prince, Ha\u00efti), une id\u00e9e simple : dans un monde complexe, la transformation commence par la confiance \u2014 et se prouve par des actes. <\/p><\/div>\n\n\n<hr class=\"wp-block-separator has-alpha-channel-opacity\"\/>\n\n<\/li><li class=\"wp-block-post post-1362 post type-post status-publish format-standard hentry category-actualites category-publication-tribunes tag-confiance-cooperation\">\n<h3 class=\"wp-block-post-title\"><a href=\"https:\/\/oliviermetellus.fr\/index.php\/2022\/04\/08\/le-chemin-du-pfmp\/\" target=\"_self\" >Le chemin du PfMP<\/a><\/h3>\n\n<div class=\"wp-block-post-excerpt\"><p class=\"wp-block-post-excerpt__excerpt\">Article publi\u00e9 dans la newsletter PMI France &#8211; Avril 2022 (08\/04\/2022) &#8211; Reproduit avec l\u2019aimable autorisation du Chapitre PMI France J\u2019ai le plaisir de partager avec vous ce qu\u2019a \u00e9t\u00e9 mon parcours en 2021 de nouveaucertifi\u00e9 \u2018Portfolio Management Professional : PfMP\u00ae\u2019. En tant que Consultant Interne dans le Groupe BNP Paribas, sp\u00e9cialis\u00e9 dans la Transformation,j\u2019ai\u2026 <\/p><\/div>\n\n\n<hr class=\"wp-block-separator has-alpha-channel-opacity\"\/>\n\n<\/li><li class=\"wp-block-post post-564 post type-post status-publish format-standard hentry category-actualites category-publication-tribunes tag-confiance tag-confiance-cooperation tag-leadership tag-management tag-rituels tag-transformation tag-travail-a-distance\">\n<h3 class=\"wp-block-post-title\"><a href=\"https:\/\/oliviermetellus.fr\/index.php\/2021\/10\/11\/lart-dinstaurer-le-continuum-de-la-confiance-le-role-dun-rituel-dequipe\/\" target=\"_self\" >L\u2019art d\u2019instaurer le continuum de la confiance \u2014 le r\u00f4le d\u2019un rituel d\u2019\u00e9quipe<\/a><\/h3>\n\n<div class=\"wp-block-post-excerpt\"><p class=\"wp-block-post-excerpt__excerpt\">Entre janvier 2020 et juillet 2021, un rituel simple \u2014 un morning meeting quotidien \u2014 a permis de faire passer une \u00e9quipe du \u201ca priori\u201d au \u201ca posteriori\u201d : une confiance \u00e9prouv\u00e9e, consolid\u00e9e, durable. <\/p><\/div>\n\n\n<hr class=\"wp-block-separator has-alpha-channel-opacity\"\/>\n\n<\/li><li class=\"wp-block-post post-573 post type-post status-publish format-standard hentry category-actualites category-publication-tribunes tag-confiance tag-confiance-cooperation tag-creole tag-intelligence-collective tag-kick-off tag-leadership tag-transformation\">\n<h3 class=\"wp-block-post-title\"><a href=\"https:\/\/oliviermetellus.fr\/index.php\/2020\/12\/17\/enpotans-kick-off-meeting-de-lart-et-de-limportance-du-kick-off-meeting-vesyon-kreyol-ayisyen\/\" target=\"_self\" >Enp\u00f2tans kick-off meeting \u2014 De l\u2019Art et de l\u2019importance du kick-off meeting (v\u00e8syon krey\u00f2l ayisyen)<\/a><\/h3>\n\n<div class=\"wp-block-post-excerpt\"><p class=\"wp-block-post-excerpt__excerpt\">Version cr\u00e9ole ha\u00eftienne de mon article sur l\u2019importance du kick-off meeting : comment installer les conditions humaines de l\u2019intelligence collective (s\u00e9curit\u00e9 psychologique, fiabilit\u00e9, sens, impact) d\u00e8s le d\u00e9marrage d\u2019une mission. <\/p><\/div>\n\n\n<hr class=\"wp-block-separator has-alpha-channel-opacity\"\/>\n\n<\/li><\/ul>\n\n\n\n<\/div>\n<\/div>\n","protected":false},"excerpt":{"rendered":"<p>Leadership, confiance, coop\u00e9ration : ce qui rend l\u2019action collective possible, durable et humaine. Derniers textes<\/p>\n","protected":false},"author":1,"featured_media":0,"parent":0,"menu_order":0,"comment_status":"closed","ping_status":"closed","template":"page-interne-bandeau-bleu","meta":{"footnotes":""},"class_list":["post-665","page","type-page","status-publish","hentry"],"_links":{"self":[{"href":"https:\/\/oliviermetellus.fr\/index.php\/wp-json\/wp\/v2\/pages\/665","targetHints":{"allow":["GET"]}}],"collection":[{"href":"https:\/\/oliviermetellus.fr\/index.php\/wp-json\/wp\/v2\/pages"}],"about":[{"href":"https:\/\/oliviermetellus.fr\/index.php\/wp-json\/wp\/v2\/types\/page"}],"author":[{"embeddable":true,"href":"https:\/\/oliviermetellus.fr\/index.php\/wp-json\/wp\/v2\/users\/1"}],"replies":[{"embeddable":true,"href":"https:\/\/oliviermetellus.fr\/index.php\/wp-json\/wp\/v2\/comments?post=665"}],"version-history":[{"count":4,"href":"https:\/\/oliviermetellus.fr\/index.php\/wp-json\/wp\/v2\/pages\/665\/revisions"}],"predecessor-version":[{"id":1041,"href":"https:\/\/oliviermetellus.fr\/index.php\/wp-json\/wp\/v2\/pages\/665\/revisions\/1041"}],"wp:attachment":[{"href":"https:\/\/oliviermetellus.fr\/index.php\/wp-json\/wp\/v2\/media?parent=665"}],"curies":[{"name":"wp","href":"https:\/\/api.w.org\/{rel}","templated":true}]}}

Collection “Confiance &#038; coopération”

<div class="wp-block-group alignwide is-layout-flow wp-block-group-is-layout-flow">
<p>Leadership, confiance, coopération : ce qui rend l’action collective possible, durable et humaine.</p>



<h2 class="wp-block-heading">Derniers textes</h2>



<div class="wp-block-query is-layout-flow wp-block-query-is-layout-flow"><ul class="wp-block-post-template is-layout-flow wp-block-post-template-is-layout-flow"><li class="wp-block-post post-557 post type-post status-publish format-standard hentry category-actualites category-interventions-conferences category-publication-tribunes tag-audit tag-confiance tag-confiance-cooperation tag-leadership tag-pmi tag-prince2 tag-transformation">
<h3 class="wp-block-post-title"><a href="https://oliviermetellus.fr/index.php/2025/11/25/auditer-cest-travailler-la-confiance-leadership-transformationnel/" target="_self" >Auditer, c’est travailler la confiance — Leadership transformationnel</a></h3>

<div class="wp-block-post-excerpt"><p class="wp-block-post-excerpt__excerpt">À partir d’une intervention préparée pour la Semaine de l’Audit (25/11/2025 &#8211; IIA #12 &#8211; El Rancho Port-Au-Prince, Haïti), une idée simple : dans un monde complexe, la transformation commence par la confiance — et se prouve par des actes. </p></div>


<hr class="wp-block-separator has-alpha-channel-opacity"/>

</li><li class="wp-block-post post-1362 post type-post status-publish format-standard hentry category-actualites category-publication-tribunes tag-confiance-cooperation">
<h3 class="wp-block-post-title"><a href="https://oliviermetellus.fr/index.php/2022/04/08/le-chemin-du-pfmp/" target="_self" >Le chemin du PfMP</a></h3>

<div class="wp-block-post-excerpt"><p class="wp-block-post-excerpt__excerpt">Article publié dans la newsletter PMI France &#8211; Avril 2022 (08/04/2022) &#8211; Reproduit avec l’aimable autorisation du Chapitre PMI France J’ai le plaisir de partager avec vous ce qu’a été mon parcours en 2021 de nouveaucertifié ‘Portfolio Management Professional : PfMP®’. En tant que Consultant Interne dans le Groupe BNP Paribas, spécialisé dans la Transformation,j’ai… </p></div>


<hr class="wp-block-separator has-alpha-channel-opacity"/>

</li><li class="wp-block-post post-564 post type-post status-publish format-standard hentry category-actualites category-publication-tribunes tag-confiance tag-confiance-cooperation tag-leadership tag-management tag-rituels tag-transformation tag-travail-a-distance">
<h3 class="wp-block-post-title"><a href="https://oliviermetellus.fr/index.php/2021/10/11/lart-dinstaurer-le-continuum-de-la-confiance-le-role-dun-rituel-dequipe/" target="_self" >L’art d’instaurer le continuum de la confiance — le rôle d’un rituel d’équipe</a></h3>

<div class="wp-block-post-excerpt"><p class="wp-block-post-excerpt__excerpt">Entre janvier 2020 et juillet 2021, un rituel simple — un morning meeting quotidien — a permis de faire passer une équipe du “a priori” au “a posteriori” : une confiance éprouvée, consolidée, durable. </p></div>


<hr class="wp-block-separator has-alpha-channel-opacity"/>

</li><li class="wp-block-post post-573 post type-post status-publish format-standard hentry category-actualites category-publication-tribunes tag-confiance tag-confiance-cooperation tag-creole tag-intelligence-collective tag-kick-off tag-leadership tag-transformation">
<h3 class="wp-block-post-title"><a href="https://oliviermetellus.fr/index.php/2020/12/17/enpotans-kick-off-meeting-de-lart-et-de-limportance-du-kick-off-meeting-vesyon-kreyol-ayisyen/" target="_self" >Enpòtans kick-off meeting — De l’Art et de l’importance du kick-off meeting (vèsyon kreyòl ayisyen)</a></h3>

<div class="wp-block-post-excerpt"><p class="wp-block-post-excerpt__excerpt">Version créole haïtienne de mon article sur l’importance du kick-off meeting : comment installer les conditions humaines de l’intelligence collective (sécurité psychologique, fiabilité, sens, impact) dès le démarrage d’une mission. </p></div>


<hr class="wp-block-separator has-alpha-channel-opacity"/>

</li></ul>



</div>
</div>

<p>Leadership, confiance, coopération : ce qui rend l’action collective possible, durable et humaine. Derniers textes</p>
